Last updated on 2022-06-25 03:51:04 CEST.
Flavor | Version | Tinstall | Tcheck | Ttotal | Status | Flags |
---|---|---|---|---|---|---|
r-devel-linux-x86_64-debian-clang | 0.1.7 | 83.70 | 82.78 | 166.48 | OK | |
r-devel-linux-x86_64-debian-gcc | 0.1.7 | 74.16 | 62.17 | 136.33 | OK | |
r-devel-linux-x86_64-fedora-clang | 0.1.7 | 252.84 | OK | |||
r-devel-linux-x86_64-fedora-gcc | 0.1.7 | 232.69 | OK | |||
r-devel-windows-x86_64 | 0.1.7 | 77.00 | 126.00 | 203.00 | OK | |
r-patched-linux-x86_64 | 0.1.7 | 81.66 | 78.62 | 160.28 | OK | |
r-release-linux-x86_64 | 0.1.7 | 80.78 | 79.20 | 159.98 | OK | |
r-release-macos-arm64 | 0.1.7 | 61.00 | OK | |||
r-release-macos-x86_64 | 0.1.7 | 77.00 | OK | |||
r-release-windows-x86_64 | 0.1.7 | 76.00 | 125.00 | 201.00 | OK | |
r-oldrel-macos-arm64 | 0.1.7 | 71.00 | NOTE | |||
r-oldrel-macos-x86_64 | 0.1.7 | 75.00 | OK | |||
r-oldrel-windows-ix86+x86_64 | 0.1.7 | 226.00 | 158.00 | 384.00 | OK |
Version: 0.1.7
Check: installed package size
Result: NOTE
installed size is 5.5Mb
sub-directories of 1Mb or more:
libs 4.7Mb
Flavor: r-oldrel-macos-arm64