CRAN Package Check Results for Package parfm

Last updated on 2022-08-10 04:54:07 CEST.

Flavor Version Tinstall Tcheck Ttotal Status Flags
r-devel-linux-x86_64-debian-clang 2.7.6 10.43 222.15 232.58 NOTE
r-devel-linux-x86_64-debian-gcc 2.7.6 8.64 164.91 173.55 NOTE
r-devel-linux-x86_64-fedora-clang 2.7.6 282.99 NOTE
r-devel-linux-x86_64-fedora-gcc 2.7.6 282.40 NOTE
r-devel-windows-x86_64 2.7.6 19.00 274.00 293.00 OK
r-patched-linux-x86_64 2.7.6 13.25 213.73 226.98 NOTE
r-release-linux-x86_64 2.7.6 NOTE
r-release-macos-arm64 2.7.6 74.00 OK
r-release-macos-x86_64 2.7.6 103.00 OK
r-release-windows-x86_64 2.7.6 25.00 273.00 298.00 OK
r-oldrel-macos-arm64 2.7.6 76.00 OK
r-oldrel-macos-x86_64 2.7.6 132.00 OK
r-oldrel-windows-ix86+x86_64 2.7.6 21.00 264.00 285.00 OK

Check Details

Version: 2.7.6
Check: HTML version of manual
Result: NOTE
    Found the following math rendering problems:
    parfm.Rd:112-113: Undefined control sequence: \slash in ...exp \left( - u \slash \theta \right)}...
Flavors: r-devel-linux-x86_64-debian-clang, r-devel-linux-x86_64-debian-gcc

Version: 2.7.6
Check: for non-standard things in the check directory
Result: NOTE
    Found the following files/directories:
     'NUL'
Flavors: r-devel-linux-x86_64-debian-clang, r-devel-linux-x86_64-debian-gcc, r-devel-linux-x86_64-fedora-clang, r-devel-linux-x86_64-fedora-gcc, r-patched-linux-x86_64, r-release-linux-x86_64