CRAN Package Check Results for Package pamr

Last updated on 2022-01-24 15:54:20 CET.

Flavor Version Tinstall Tcheck Ttotal Status Flags
r-devel-linux-x86_64-debian-clang 1.56.1 8.69 85.19 93.88 OK
r-devel-linux-x86_64-debian-gcc 1.56.1 8.15 64.96 73.11 OK
r-devel-linux-x86_64-fedora-clang 1.56.1 115.90 NOTE
r-devel-linux-x86_64-fedora-gcc 1.56.1 108.93 NOTE
r-devel-windows-x86_64-new-UL 1.56.1 47.00 107.00 154.00 OK
r-devel-windows-x86_64-new-TK 1.56.1 OK
r-patched-linux-x86_64 1.56.1 10.24 82.87 93.11 OK
r-release-linux-x86_64 1.56.1 8.47 81.81 90.28 OK
r-release-macos-arm64 1.56.1 OK
r-release-macos-x86_64 1.56.1 OK
r-release-windows-ix86+x86_64 1.56.1 21.00 131.00 152.00 OK
r-oldrel-macos-x86_64 1.56.1 OK
r-oldrel-windows-ix86+x86_64 1.56.1 22.00 130.00 152.00 OK

Check Details

Version: 1.56.1
Check: compiled code
Result: NOTE
    File ‘pamr/libs/pamr.so’:
     Found no calls to: ‘R_registerRoutines’, ‘R_useDynamicSymbols’
    
    It is good practice to register native routines and to disable symbol
    search.
    
    See ‘Writing portable packages’ in the ‘Writing R Extensions’ manual.
Flavors: r-devel-linux-x86_64-fedora-clang, r-devel-linux-x86_64-fedora-gcc