Last updated on 2022-05-21 15:50:01 CEST.
Flavor | Version | Tinstall | Tcheck | Ttotal | Status | Flags |
---|---|---|---|---|---|---|
r-devel-linux-x86_64-debian-clang | 0.0.8 | 8.45 | 77.33 | 85.78 | NOTE | |
r-devel-linux-x86_64-debian-gcc | 0.0.8 | 6.87 | 58.97 | 65.84 | NOTE | |
r-devel-linux-x86_64-fedora-clang | 0.0.8 | 110.08 | NOTE | |||
r-devel-linux-x86_64-fedora-gcc | 0.0.8 | 106.10 | NOTE | |||
r-devel-windows-x86_64 | 0.0.8 | 21.00 | 101.00 | 122.00 | NOTE | |
r-patched-linux-x86_64 | 0.0.8 | 6.54 | 75.21 | 81.75 | NOTE | |
r-release-linux-x86_64 | 0.0.8 | 8.98 | 74.14 | 83.12 | NOTE | |
r-release-macos-arm64 | 0.0.8 | 33.00 | NOTE | |||
r-release-macos-x86_64 | 0.0.8 | 44.00 | NOTE | |||
r-release-windows-x86_64 | 0.0.8 | 20.00 | 99.00 | 119.00 | NOTE | |
r-oldrel-macos-arm64 | 0.0.8 | 41.00 | NOTE | |||
r-oldrel-macos-x86_64 | 0.0.8 | 48.00 | NOTE | |||
r-oldrel-windows-ix86+x86_64 | 0.0.8 | 17.00 | 83.00 | 100.00 | NOTE |
Version: 0.0.8
Check: package dependencies
Result: NOTE
Package which this enhances but not available for checking: 'CorShrink'
Flavors: r-devel-linux-x86_64-debian-clang, r-devel-linux-x86_64-debian-gcc, r-devel-linux-x86_64-fedora-clang, r-devel-linux-x86_64-fedora-gcc, r-devel-windows-x86_64, r-patched-linux-x86_64, r-release-linux-x86_64, r-release-macos-x86_64, r-release-windows-x86_64, r-oldrel-macos-x86_64, r-oldrel-windows-ix86+x86_64
Version: 0.0.8
Check: package dependencies
Result: NOTE
Packages which this enhances but not available for checking:
'CorShrink', 'edgeR'
Flavors: r-release-macos-arm64, r-oldrel-macos-arm64