Last updated on 2022-05-24 15:52:53 CEST.
Flavor | Version | Tinstall | Tcheck | Ttotal | Status | Flags |
---|---|---|---|---|---|---|
r-devel-linux-x86_64-debian-clang | 2.0-3 | 13.59 | 581.31 | 594.90 | OK | |
r-devel-linux-x86_64-debian-gcc | 2.0-3 | 9.82 | 396.16 | 405.98 | OK | |
r-devel-linux-x86_64-fedora-clang | 2.0-3 | 684.91 | NOTE | |||
r-devel-linux-x86_64-fedora-gcc | 2.0-3 | 696.17 | OK | |||
r-devel-windows-x86_64 | 2.0-3 | 31.00 | 621.00 | 652.00 | OK | |
r-patched-linux-x86_64 | 2.0-3 | 18.72 | 564.00 | 582.72 | OK | |
r-release-linux-x86_64 | 2.0-3 | OK | ||||
r-release-macos-arm64 | 2.0-3 | 162.00 | OK | |||
r-release-macos-x86_64 | 2.0-3 | 352.00 | OK | |||
r-release-windows-x86_64 | 2.0-3 | 37.00 | 631.00 | 668.00 | OK | |
r-oldrel-macos-arm64 | 2.0-3 | 262.00 | OK | |||
r-oldrel-macos-x86_64 | 2.0-3 | 312.00 | OK | |||
r-oldrel-windows-ix86+x86_64 | 2.0-3 | 31.00 | 701.00 | 732.00 | OK |
Version: 2.0-3
Check: Rd cross-references
Result: NOTE
Undeclared package ‘analogue’ in Rd xrefs
Flavor: r-devel-linux-x86_64-fedora-clang