CRAN Package Check Results for Package pafr

Last updated on 2022-09-26 03:56:13 CEST.

Flavor Version Tinstall Tcheck Ttotal Status Flags
r-devel-linux-x86_64-debian-clang 0.0.2 6.40 96.59 102.99 NOTE
r-devel-linux-x86_64-debian-gcc 0.0.2 5.39 71.34 76.73 NOTE
r-devel-linux-x86_64-fedora-clang 0.0.2 129.98 NOTE
r-devel-linux-x86_64-fedora-gcc 0.0.2 134.09 NOTE
r-devel-windows-x86_64 0.0.2 18.00 123.00 141.00 NOTE
r-patched-linux-x86_64 0.0.2 9.64 90.53 100.17 NOTE
r-release-linux-x86_64 0.0.2 6.64 91.35 97.99 NOTE
r-release-macos-arm64 0.0.2 34.00 NOTE
r-release-macos-x86_64 0.0.2 68.00 NOTE
r-release-windows-x86_64 0.0.2 18.00 163.00 181.00 NOTE
r-oldrel-macos-arm64 0.0.2 53.00 NOTE
r-oldrel-macos-x86_64 0.0.2 59.00 NOTE
r-oldrel-windows-ix86+x86_64 0.0.2 17.00 119.00 136.00 NOTE

Check Details

Version: 0.0.2
Check: LazyData
Result: NOTE
     'LazyData' is specified without a 'data' directory
Flavors: r-devel-linux-x86_64-debian-clang, r-devel-linux-x86_64-debian-gcc, r-devel-linux-x86_64-fedora-clang, r-devel-linux-x86_64-fedora-gcc, r-devel-windows-x86_64, r-patched-linux-x86_64, r-release-linux-x86_64, r-release-macos-arm64, r-release-macos-x86_64, r-release-windows-x86_64, r-oldrel-macos-arm64, r-oldrel-macos-x86_64, r-oldrel-windows-ix86+x86_64