CRAN Package Check Results for Package paco

Last updated on 2022-05-27 04:56:44 CEST.

Flavor Version Tinstall Tcheck Ttotal Status Flags
r-devel-linux-x86_64-debian-clang 0.4.2 2.30 38.27 40.57 OK
r-devel-linux-x86_64-debian-gcc 0.4.2 1.86 29.83 31.69 OK
r-devel-linux-x86_64-fedora-clang 0.4.2 50.25 NOTE
r-devel-linux-x86_64-fedora-gcc 0.4.2 38.62 NOTE
r-devel-windows-x86_64 0.4.2 8.00 56.00 64.00 OK
r-patched-linux-x86_64 0.4.2 1.79 37.81 39.60 OK
r-release-linux-x86_64 0.4.2 2.56 37.36 39.92 OK
r-release-macos-arm64 0.4.2 18.00 NOTE
r-release-macos-x86_64 0.4.2 23.00 NOTE
r-release-windows-x86_64 0.4.2 10.00 56.00 66.00 OK
r-oldrel-macos-arm64 0.4.2 22.00 NOTE
r-oldrel-macos-x86_64 0.4.2 29.00 NOTE
r-oldrel-windows-ix86+x86_64 0.4.2 6.00 47.00 53.00 OK

Check Details

Version: 0.4.2
Check: dependencies in R code
Result: NOTE
    Namespace in Imports field not imported from: ‘ape’
     All declared Imports should be used.
Flavors: r-devel-linux-x86_64-fedora-clang, r-devel-linux-x86_64-fedora-gcc, r-release-macos-arm64, r-release-macos-x86_64, r-oldrel-macos-arm64, r-oldrel-macos-x86_64