CRAN Package Check Results for Package oxcAAR

Last updated on 2022-09-28 15:50:01 CEST.

Flavor Version Tinstall Tcheck Ttotal Status Flags
r-devel-linux-x86_64-debian-clang 1.1.1 3.97 77.22 81.19 OK
r-devel-linux-x86_64-debian-gcc 1.1.1 3.22 47.32 50.54 OK
r-devel-linux-x86_64-fedora-clang 1.1.1 107.77 OK
r-devel-linux-x86_64-fedora-gcc 1.1.1 118.62 OK
r-devel-windows-x86_64 1.1.1 39.00 117.00 156.00 OK
r-patched-linux-x86_64 1.1.1 4.96 72.09 77.05 OK
r-release-linux-x86_64 1.1.1 3.28 93.79 97.07 OK
r-release-macos-arm64 1.1.1 51.00 OK
r-release-macos-x86_64 1.1.1 134.00 OK
r-release-windows-x86_64 1.1.1 20.00 95.00 115.00 OK
r-oldrel-macos-arm64 1.1.1 84.00 OK
r-oldrel-macos-x86_64 1.1.1 96.00 OK
r-oldrel-windows-ix86+x86_64 1.1.1 8.00 94.00 102.00 WARN

Check Details

Version: 1.1.1
Check: re-building of vignette outputs
Result: WARN
    Error(s) in re-building vignettes:
    --- re-building 'basic-usage.Rmd' using rmarkdown
    trying URL 'https://c14.arch.ox.ac.uk/OxCalDistribution.zip'
    Content type 'application/zip' length 4396004 bytes (4.2 MB)
    ==================================================
    downloaded 4.2 MB
    
    OxCal v4.4.4 (c) Bronk Ramsey (2021)
    OxCal v4.4.4 (c) Bronk Ramsey (2021)
    OxCal v4.4.4 (c) Bronk Ramsey (2021)
    OxCal v4.4.4 (c) Bronk Ramsey (2021)
    OxCal v4.4.4 (c) Bronk Ramsey (2021)
    OxCal v4.4.4 (c) Bronk Ramsey (2021)
    MCMC analysis
    Sort Burn Trial Save Shrink kPasses Done Ok Convergence
    [.] [.] [.] [.] 3.0 10.0 100.0 100.0
    [.] [.] [.] [.] 6.0 20.0 100.0 64.4
    [.] [.] [.] [.] 12.0 22.2 100.0 82.7
    [.] [.] [.] [.] [.] 24.0 22.2 100.0 91.7
    [.] [.] [.] [.] 48.0 22.2 100.0 95.8
    [.] [.] [.] [.] 72.0 33.3 100.0 95.7
    [.] [.] [.] [.] 96.0 44.4 100.0 95.7
    [.] [.] [.] [.] 120.0 55.6 100.0 95.7
    [.] [.] [.] [.] 144.0 66.7 100.0 95.7
    [.] [.] [.] [.] 168.0 77.8 100.0 95.7
    [.] [.] [.] [.] 192.0 88.9 100.0 95.7
    [.] [.] [.] [.] 216.0 100.0 100.0 95.7
    [.] [.] [.] [.] 240.0 111.1 100.0 95.7
    Error: processing vignette 'basic-usage.Rmd' failed with diagnostics:
    object 'preview_math' not found
    --- failed re-building 'basic-usage.Rmd'
    
    SUMMARY: processing the following file failed:
     'basic-usage.Rmd'
    
    Error: Vignette re-building failed.
    Execution halted
Flavor: r-oldrel-windows-ix86+x86_64