CRAN Package Check Results for Package overlapptest

Last updated on 2023-06-10 03:56:30 CEST.

Flavor Version Tinstall Tcheck Ttotal Status Flags
r-devel-linux-x86_64-debian-clang 1.3 8.68 82.24 90.92 OK
r-devel-linux-x86_64-debian-gcc 1.3 5.84 65.08 70.92 OK
r-devel-linux-x86_64-fedora-clang 1.3 114.34 OK
r-devel-linux-x86_64-fedora-gcc 1.3 122.23 OK
r-devel-windows-x86_64 1.3 8.00 90.00 98.00 OK
r-patched-linux-x86_64 1.3 8.35 80.96 89.31 OK
r-release-linux-x86_64 1.3 7.90 79.72 87.62 OK
r-release-macos-arm64 1.3 54.00 OK
r-release-macos-x86_64 1.2-4 71.00 NOTE
r-release-windows-x86_64 1.3 11.00 100.00 111.00 OK
r-oldrel-macos-arm64 1.3 39.00 OK
r-oldrel-macos-x86_64 1.3 56.00 OK
r-oldrel-windows-x86_64 1.3 10.00 105.00 115.00 OK

Check Details

Version: 1.2-4
Check: re-building of vignette outputs
Result: NOTE
    Error(s) in re-building vignettes:
    --- re-building ‘Readshapefiles.Rnw’ using Sweave
    Loading required package: spatstat.data
    spatstat.geom 3.1-0
    Loading required package: sp
    Please note that rgdal will be retired during 2023,
    plan transition to sf/stars/terra functions using GDAL and PROJ
    at your earliest convenience.
    See https://r-spatial.org/r/2022/04/12/evolution.html and https://github.com/r-spatial/evolution
    rgdal: version: 1.6-5, (SVN revision 1199)
    Geospatial Data Abstraction Library extensions to R successfully loaded
    Loaded GDAL runtime: GDAL 3.5.3, released 2022/10/21
    Path to GDAL shared files: /Volumes/Builds/packages/big-sur-x86_64/Rlib/4.3/rgdal/gdal
     GDAL does not use iconv for recoding strings.
    GDAL binary built with GEOS: TRUE
    Loaded PROJ runtime: Rel. 9.1.0, September 1st, 2022, [PJ_VERSION: 910]
    Path to PROJ shared files: /Volumes/Builds/packages/big-sur-x86_64/Rlib/4.3/rgdal/proj
    PROJ CDN enabled: FALSE
    Linking to sp version:1.6-0
    To mute warnings of possible GDAL/OSR exportToProj4() degradation,
    use options("rgdal_show_exportToProj4_warnings"="none") before loading sp or rgdal.
    Checking rgeos availability: TRUE
    Please note that 'maptools' will be retired during 2023,
    plan transition at your earliest convenience;
    some functionality will be moved to 'sp'.
    Warning: OGR support is provided by the sf and terra packages among others
    Warning: OGR support is provided by the sf and terra packages among others
    Warning: OGR support is provided by the sf and terra packages among others
    Warning: OGR support is provided by the sf and terra packages among others
    Warning: OGR support is provided by the sf and terra packages among others
    Warning: OGR support is provided by the sf and terra packages among others
    Warning: OGR support is provided by the sf and terra packages among others
    Error: processing vignette 'Readshapefiles.Rnw' failed with diagnostics:
    Running 'texi2dvi' on 'Readshapefiles.tex' failed.
    LaTeX errors:
    ! LaTeX Error: File `anysize.sty' not found.
    
    Type X to quit or <RETURN> to proceed,
    or enter new name. (Default extension: sty)
    
    ! Emergency stop.
    <read *>
    
    l.13 \marginsize
     {2cm}{3cm}{2cm}{3cm}^^M
    ! ==> Fatal error occurred, no output PDF file produced!
    --- failed re-building 'Readshapefiles.Rnw'
    
    SUMMARY: processing the following file failed:
     'Readshapefiles.Rnw'
    
    Error: Vignette re-building failed.
    Execution halted
Flavor: r-release-macos-x86_64