CRAN Package Check Results for Package optinterv

Last updated on 2022-06-27 15:53:49 CEST.

Flavor Version Tinstall Tcheck Ttotal Status Flags
r-devel-linux-x86_64-debian-clang 0.1.0 3.41 49.70 53.11 NOTE
r-devel-linux-x86_64-debian-gcc 0.1.0 2.74 36.59 39.33 NOTE
r-devel-linux-x86_64-fedora-clang 0.1.0 73.29 WARN
r-devel-linux-x86_64-fedora-gcc 0.1.0 72.84 WARN
r-devel-windows-x86_64 0.1.0 20.00 77.00 97.00 NOTE
r-patched-linux-x86_64 0.1.0 2.98 46.90 49.88 NOTE
r-release-linux-x86_64 0.1.0 2.99 46.42 49.41 NOTE
r-release-macos-arm64 0.1.0 27.00 NOTE
r-release-macos-x86_64 0.1.0 40.00 NOTE
r-release-windows-x86_64 0.1.0 34.00 73.00 107.00 NOTE
r-oldrel-macos-arm64 0.1.0 26.00 NOTE
r-oldrel-macos-x86_64 0.1.0 37.00 NOTE
r-oldrel-windows-ix86+x86_64 0.1.0 9.00 70.00 79.00 NOTE

Check Details

Version: 0.1.0
Check: LazyData
Result: NOTE
     'LazyData' is specified without a 'data' directory
Flavors: r-devel-linux-x86_64-debian-clang, r-devel-linux-x86_64-debian-gcc, r-devel-linux-x86_64-fedora-clang, r-devel-linux-x86_64-fedora-gcc, r-devel-windows-x86_64, r-patched-linux-x86_64, r-release-linux-x86_64, r-release-macos-arm64, r-release-macos-x86_64, r-release-windows-x86_64, r-oldrel-macos-arm64, r-oldrel-macos-x86_64, r-oldrel-windows-ix86+x86_64

Version: 0.1.0
Check: package dependencies
Result: WARN
    Requires (indirectly) orphaned package: ‘gtools’
Flavors: r-devel-linux-x86_64-fedora-clang, r-devel-linux-x86_64-fedora-gcc