CRAN Package Check Results for Package optiSolve

Last updated on 2024-05-25 15:49:49 CEST.

Flavor Version Tinstall Tcheck Ttotal Status Flags
r-devel-linux-x86_64-debian-clang 1.0 9.36 100.25 109.61 OK
r-devel-linux-x86_64-debian-gcc 1.0 9.02 76.88 85.90 OK
r-devel-linux-x86_64-fedora-clang 1.0 135.51 NOTE
r-devel-linux-x86_64-fedora-gcc 1.0 133.36 NOTE
r-devel-windows-x86_64 1.0 9.00 90.00 99.00 OK
r-patched-linux-x86_64 1.0 7.43 96.95 104.38 OK
r-release-linux-x86_64 1.0 7.12 99.30 106.42 OK
r-release-macos-arm64 1.0 43.00 OK
r-release-windows-x86_64 1.0 10.00 91.00 101.00 OK
r-oldrel-macos-arm64 1.0 48.00 OK
r-oldrel-macos-x86_64 1.0 72.00 OK
r-oldrel-windows-x86_64 1.0 13.00 104.00 117.00 OK

Check Details

Version: 1.0
Check: dependencies in R code
Result: NOTE Namespace in Imports field not imported from: ‘Matrix’ All declared Imports should be used. Flavors: r-devel-linux-x86_64-fedora-clang, r-devel-linux-x86_64-fedora-gcc