Last updated on 2022-05-22 15:53:25 CEST.
Flavor | Version | Tinstall | Tcheck | Ttotal | Status | Flags |
---|---|---|---|---|---|---|
r-devel-linux-x86_64-debian-clang | 1.2.0 | 180.46 | 171.32 | 351.78 | OK | |
r-devel-linux-x86_64-debian-gcc | 1.2.0 | 161.05 | 123.38 | 284.43 | OK | |
r-devel-linux-x86_64-fedora-clang | 1.2.0 | 479.95 | NOTE | |||
r-devel-linux-x86_64-fedora-gcc | 1.2.0 | 431.14 | NOTE | |||
r-devel-windows-x86_64 | 1.2.0 | 124.00 | 205.00 | 329.00 | NOTE | |
r-patched-linux-x86_64 | 1.2.0 | 169.27 | 157.80 | 327.07 | OK | |
r-release-linux-x86_64 | 1.2.0 | 156.41 | 157.96 | 314.37 | OK | |
r-release-macos-arm64 | 1.2.0 | 102.00 | NOTE | |||
r-release-macos-x86_64 | 1.2.0 | 140.00 | NOTE | |||
r-release-windows-x86_64 | 1.2.0 | 121.00 | 204.00 | 325.00 | NOTE | |
r-oldrel-macos-arm64 | 1.2.0 | 95.00 | NOTE | |||
r-oldrel-macos-x86_64 | 1.2.0 | 140.00 | NOTE | |||
r-oldrel-windows-ix86+x86_64 | 1.2.0 | 360.00 | 274.00 | 634.00 | NOTE |
Version: 1.2.0
Check: installed package size
Result: NOTE
installed size is 33.0Mb
sub-directories of 1Mb or more:
doc 1.0Mb
extdata 2.1Mb
libs 29.3Mb
Flavors: r-devel-linux-x86_64-fedora-clang, r-devel-windows-x86_64, r-release-macos-arm64, r-release-macos-x86_64, r-release-windows-x86_64, r-oldrel-macos-arm64, r-oldrel-macos-x86_64, r-oldrel-windows-ix86+x86_64
Version: 1.2.0
Check: dependencies in R code
Result: NOTE
Namespace in Imports field not imported from: ‘Rdpack’
All declared Imports should be used.
Flavors: r-devel-linux-x86_64-fedora-clang, r-devel-linux-x86_64-fedora-gcc, r-release-macos-arm64, r-release-macos-x86_64, r-oldrel-macos-arm64, r-oldrel-macos-x86_64