CRAN Package Check Results for Package openMSE

Last updated on 2022-06-25 03:51:04 CEST.

Flavor Version Tinstall Tcheck Ttotal Status Flags
r-devel-linux-x86_64-debian-clang 1.0.0 12.88 113.85 126.73 NOTE
r-devel-linux-x86_64-debian-gcc 1.0.0 9.13 86.21 95.34 NOTE
r-devel-linux-x86_64-fedora-clang 1.0.0 159.02 WARN
r-devel-linux-x86_64-fedora-gcc 1.0.0 156.19 WARN
r-devel-windows-x86_64 1.0.0 17.00 133.00 150.00 NOTE
r-patched-linux-x86_64 1.0.0 10.86 104.71 115.57 NOTE
r-release-linux-x86_64 1.0.0 8.51 107.09 115.60 NOTE
r-release-macos-arm64 1.0.0 37.00 NOTE
r-release-macos-x86_64 1.0.0 72.00 NOTE
r-release-windows-x86_64 1.0.0 18.00 122.00 140.00 NOTE
r-oldrel-macos-arm64 1.0.0 44.00 NOTE
r-oldrel-macos-x86_64 1.0.0 56.00 NOTE
r-oldrel-windows-ix86+x86_64 1.0.0 32.00 127.00 159.00 NOTE

Check Details

Version: 1.0.0
Check: LazyData
Result: NOTE
     'LazyData' is specified without a 'data' directory
Flavors: r-devel-linux-x86_64-debian-clang, r-devel-linux-x86_64-debian-gcc, r-devel-linux-x86_64-fedora-clang, r-devel-linux-x86_64-fedora-gcc, r-devel-windows-x86_64, r-patched-linux-x86_64, r-release-linux-x86_64, r-release-macos-arm64, r-release-macos-x86_64, r-release-windows-x86_64, r-oldrel-macos-arm64, r-oldrel-macos-x86_64, r-oldrel-windows-ix86+x86_64

Version: 1.0.0
Check: package dependencies
Result: WARN
    Requires (indirectly) orphaned package: ‘gtools’
Flavors: r-devel-linux-x86_64-fedora-clang, r-devel-linux-x86_64-fedora-gcc