CRAN Package Check Results for Package opGMMassessment

Last updated on 2025-01-26 04:49:27 CET.

Flavor Version Tinstall Tcheck Ttotal Status Flags
r-devel-linux-x86_64-debian-clang 0.4 16.49 122.23 138.72 OK
r-devel-linux-x86_64-debian-gcc 0.4 11.07 87.85 98.92 OK
r-devel-linux-x86_64-fedora-clang 0.4 218.97 OK
r-devel-linux-x86_64-fedora-gcc 0.4 211.27 OK
r-devel-windows-x86_64 0.4 17.00 118.00 135.00 OK
r-patched-linux-x86_64 0.4 15.88 112.91 128.79 OK
r-release-linux-x86_64 0.4 14.84 109.98 124.82 OK
r-release-macos-arm64 0.4 13.00 ERROR
r-release-macos-x86_64 0.4 10.00 ERROR
r-release-windows-x86_64 0.4 16.00 118.00 134.00 OK
r-oldrel-macos-arm64 0.4 9.00 ERROR
r-oldrel-macos-x86_64 0.4 11.00 ERROR
r-oldrel-windows-x86_64 0.4 20.00 137.00 157.00 OK

Check Details

Version: 0.4
Check: package dependencies
Result: ERROR Package required but not available: ‘mixAK’ See section ‘The DESCRIPTION file’ in the ‘Writing R Extensions’ manual. Flavors: r-release-macos-arm64, r-release-macos-x86_64, r-oldrel-macos-arm64, r-oldrel-macos-x86_64