CRAN Package Check Results for Package oenb

Last updated on 2022-05-26 03:53:15 CEST.

Flavor Version Tinstall Tcheck Ttotal Status Flags
r-devel-linux-x86_64-debian-clang 0.0.2 1.79 33.71 35.50 NOTE
r-devel-linux-x86_64-debian-gcc 0.0.2 1.73 26.78 28.51 NOTE
r-devel-linux-x86_64-fedora-clang 0.0.2 45.77 NOTE
r-devel-linux-x86_64-fedora-gcc 0.0.2 33.71 NOTE
r-devel-windows-x86_64 0.0.2 9.00 53.00 62.00 NOTE
r-patched-linux-x86_64 0.0.2 2.44 33.78 36.22 NOTE
r-release-linux-x86_64 0.0.2 NOTE
r-release-macos-arm64 0.0.2 17.00 NOTE
r-release-macos-x86_64 0.0.2 28.00 NOTE
r-release-windows-x86_64 0.0.2 7.00 52.00 59.00 NOTE
r-oldrel-macos-arm64 0.0.2 20.00 NOTE
r-oldrel-macos-x86_64 0.0.2 28.00 NOTE
r-oldrel-windows-ix86+x86_64 0.0.2 5.00 45.00 50.00 NOTE

Check Details

Version: 0.0.2
Check: LazyData
Result: NOTE
     'LazyData' is specified without a 'data' directory
Flavors: r-devel-linux-x86_64-debian-clang, r-devel-linux-x86_64-debian-gcc, r-devel-linux-x86_64-fedora-clang, r-devel-linux-x86_64-fedora-gcc, r-devel-windows-x86_64, r-patched-linux-x86_64, r-release-linux-x86_64, r-release-macos-arm64, r-release-macos-x86_64, r-release-windows-x86_64, r-oldrel-macos-arm64, r-oldrel-macos-x86_64, r-oldrel-windows-ix86+x86_64