CRAN Package Check Results for Package oem

Last updated on 2022-06-28 03:51:38 CEST.

Flavor Version Tinstall Tcheck Ttotal Status Flags
r-devel-linux-x86_64-debian-clang 2.0.10 434.18 208.51 642.69 NOTE
r-devel-linux-x86_64-debian-gcc 2.0.10 332.74 169.94 502.68 NOTE
r-devel-linux-x86_64-fedora-clang 2.0.10 966.44 NOTE
r-devel-linux-x86_64-fedora-gcc 2.0.10 814.13 NOTE
r-devel-windows-x86_64 2.0.10 237.00 324.00 561.00 NOTE
r-patched-linux-x86_64 2.0.10 340.90 220.72 561.62 NOTE
r-release-linux-x86_64 2.0.10 341.17 227.13 568.30 NOTE
r-release-macos-arm64 2.0.10 215.00 NOTE
r-release-macos-x86_64 2.0.10 301.00 NOTE
r-release-windows-x86_64 2.0.10 237.00 325.00 562.00 NOTE
r-oldrel-macos-arm64 2.0.10 237.00 NOTE
r-oldrel-macos-x86_64 2.0.10 449.00 NOTE
r-oldrel-windows-ix86+x86_64 2.0.10 788.00 350.00 1138.00 NOTE

Check Details

Version: 2.0.10
Check: LazyData
Result: NOTE
     'LazyData' is specified without a 'data' directory
Flavors: r-devel-linux-x86_64-debian-clang, r-devel-linux-x86_64-debian-gcc, r-devel-linux-x86_64-fedora-clang, r-devel-linux-x86_64-fedora-gcc, r-devel-windows-x86_64, r-patched-linux-x86_64, r-release-linux-x86_64, r-release-macos-arm64, r-release-macos-x86_64, r-release-windows-x86_64, r-oldrel-macos-arm64, r-oldrel-macos-x86_64, r-oldrel-windows-ix86+x86_64

Version: 2.0.10
Check: installed package size
Result: NOTE
     installed size is 79.7Mb
     sub-directories of 1Mb or more:
     libs 79.2Mb
Flavors: r-devel-linux-x86_64-fedora-clang, r-release-macos-arm64, r-release-macos-x86_64, r-oldrel-macos-arm64, r-oldrel-macos-x86_64