Last updated on 2022-05-26 15:53:17 CEST.
Flavor | Version | Tinstall | Tcheck | Ttotal | Status | Flags |
---|---|---|---|---|---|---|
r-devel-linux-x86_64-debian-clang | 0.1.4 | 2.04 | 32.03 | 34.07 | OK | |
r-devel-linux-x86_64-debian-gcc | 0.1.4 | 1.24 | 28.19 | 29.43 | OK | |
r-devel-linux-x86_64-fedora-clang | 0.1.4 | 43.74 | NOTE | |||
r-devel-linux-x86_64-fedora-gcc | 0.1.4 | 31.51 | NOTE | |||
r-devel-windows-x86_64 | 0.1.4 | 20.00 | 52.00 | 72.00 | OK | |
r-patched-linux-x86_64 | 0.1.4 | 1.94 | 32.16 | 34.10 | OK | |
r-release-linux-x86_64 | 0.1.4 | OK | ||||
r-release-macos-arm64 | 0.1.4 | 16.00 | NOTE | |||
r-release-macos-x86_64 | 0.1.4 | 24.00 | NOTE | |||
r-release-windows-x86_64 | 0.1.4 | 17.00 | 51.00 | 68.00 | OK | |
r-oldrel-macos-arm64 | 0.1.4 | 18.00 | NOTE | |||
r-oldrel-macos-x86_64 | 0.1.4 | 22.00 | NOTE | |||
r-oldrel-windows-ix86+x86_64 | 0.1.4 | 5.00 | 41.00 | 46.00 | OK |
Version: 0.1.4
Check: dependencies in R code
Result: NOTE
Namespace in Imports field not imported from: ‘MASS’
All declared Imports should be used.
Flavors: r-devel-linux-x86_64-fedora-clang, r-devel-linux-x86_64-fedora-gcc, r-release-macos-arm64, r-release-macos-x86_64, r-oldrel-macos-arm64, r-oldrel-macos-x86_64