CRAN Package Check Results for Package oaqc

Last updated on 2022-08-07 15:55:55 CEST.

Flavor Version Tinstall Tcheck Ttotal Status Flags
r-devel-linux-x86_64-debian-clang 1.0 5.19 25.33 30.52 NOTE
r-devel-linux-x86_64-debian-gcc 1.0 3.87 19.91 23.78 NOTE
r-devel-linux-x86_64-fedora-clang 1.0 51.31 NOTE
r-devel-linux-x86_64-fedora-gcc 1.0 46.73 NOTE
r-devel-windows-x86_64 1.0 14.00 71.00 85.00 NOTE
r-patched-linux-x86_64 1.0 3.83 24.78 28.61 NOTE
r-release-linux-x86_64 1.0 4.15 24.80 28.95 NOTE
r-release-macos-arm64 1.0 18.00 NOTE
r-release-macos-x86_64 1.0 26.00 NOTE
r-release-windows-x86_64 1.0 15.00 66.00 81.00 NOTE
r-oldrel-macos-arm64 1.0 26.00 NOTE
r-oldrel-macos-x86_64 1.0 27.00 NOTE
r-oldrel-windows-ix86+x86_64 1.0 16.00 61.00 77.00 NOTE

Check Details

Version: 1.0
Check: LazyData
Result: NOTE
     'LazyData' is specified without a 'data' directory
Flavors: r-devel-linux-x86_64-debian-clang, r-devel-linux-x86_64-debian-gcc, r-devel-linux-x86_64-fedora-clang, r-devel-linux-x86_64-fedora-gcc, r-devel-windows-x86_64, r-patched-linux-x86_64, r-release-linux-x86_64, r-release-macos-arm64, r-release-macos-x86_64, r-release-windows-x86_64, r-oldrel-macos-arm64, r-oldrel-macos-x86_64, r-oldrel-windows-ix86+x86_64