CRAN Package Check Results for Package nsrr

Last updated on 2022-07-02 15:52:24 CEST.

Flavor Version Tinstall Tcheck Ttotal Status Flags
r-devel-linux-x86_64-debian-clang 0.2.0 2.55 40.39 42.94 NOTE
r-devel-linux-x86_64-debian-gcc 0.2.0 1.84 31.69 33.53 NOTE
r-devel-linux-x86_64-fedora-clang 0.2.0 61.45 NOTE
r-devel-linux-x86_64-fedora-gcc 0.2.0 60.15 NOTE
r-devel-windows-x86_64 0.2.0 15.00 102.00 117.00 NOTE
r-patched-linux-x86_64 0.2.0 6.18 39.25 45.43 NOTE
r-release-linux-x86_64 0.2.0 2.40 38.94 41.34 NOTE
r-release-macos-arm64 0.2.0 78.00 NOTE
r-release-macos-x86_64 0.2.0 87.00 NOTE
r-release-windows-x86_64 0.2.0 13.00 98.00 111.00 NOTE
r-oldrel-macos-arm64 0.2.0 78.00 NOTE
r-oldrel-macos-x86_64 0.2.0 79.00 NOTE
r-oldrel-windows-ix86+x86_64 0.2.0 7.00 89.00 96.00 NOTE

Check Details

Version: 0.2.0
Check: LazyData
Result: NOTE
     'LazyData' is specified without a 'data' directory
Flavors: r-devel-linux-x86_64-debian-clang, r-devel-linux-x86_64-debian-gcc, r-devel-linux-x86_64-fedora-clang, r-devel-linux-x86_64-fedora-gcc, r-devel-windows-x86_64, r-patched-linux-x86_64, r-release-linux-x86_64, r-release-macos-arm64, r-release-macos-x86_64, r-release-windows-x86_64, r-oldrel-macos-arm64, r-oldrel-macos-x86_64, r-oldrel-windows-ix86+x86_64