CRAN Package Check Results for Package npsf

Last updated on 2025-01-22 15:50:11 CET.

Flavor Version Tinstall Tcheck Ttotal Status Flags
r-devel-linux-x86_64-debian-clang 0.8.0 25.97 69.45 95.42 OK
r-devel-linux-x86_64-debian-gcc 0.8.0 16.80 45.98 62.78 OK
r-devel-linux-x86_64-fedora-clang 0.8.0 168.50 OK
r-devel-linux-x86_64-fedora-gcc 0.8.0 142.67 OK
r-devel-windows-x86_64 0.8.0 25.00 99.00 124.00 OK
r-patched-linux-x86_64 0.8.0 23.43 64.25 87.68 OK
r-release-linux-x86_64 0.8.0 23.58 64.32 87.90 OK
r-release-macos-arm64 0.8.0 38.00 NOTE
r-release-macos-x86_64 0.8.0 57.00 NOTE
r-release-windows-x86_64 0.8.0 28.00 101.00 129.00 OK
r-oldrel-macos-arm64 0.8.0 41.00 NOTE
r-oldrel-macos-x86_64 0.8.0 70.00 NOTE
r-oldrel-windows-x86_64 0.8.0 32.00 121.00 153.00 OK

Check Details

Version: 0.8.0
Check: package dependencies
Result: NOTE Package suggested but not available for checking: ‘Rmpi’ Flavors: r-release-macos-arm64, r-release-macos-x86_64, r-oldrel-macos-arm64, r-oldrel-macos-x86_64