CRAN Package Check Results for Package nlshelper

Last updated on 2022-05-26 15:53:17 CEST.

Flavor Version Tinstall Tcheck Ttotal Status Flags
r-devel-linux-x86_64-debian-clang 0.2 12.24 107.34 119.58 NOTE
r-devel-linux-x86_64-debian-gcc 0.2 9.97 92.37 102.34 NOTE
r-devel-linux-x86_64-fedora-clang 0.2 138.43 NOTE
r-devel-linux-x86_64-fedora-gcc 0.2 124.17 NOTE
r-devel-windows-x86_64 0.2 15.00 112.00 127.00 NOTE
r-patched-linux-x86_64 0.2 14.91 101.06 115.97 NOTE
r-release-linux-x86_64 0.2 NOTE
r-release-macos-arm64 0.2 39.00 NOTE
r-release-macos-x86_64 0.2 65.00 NOTE
r-release-windows-x86_64 0.2 18.00 116.00 134.00 NOTE
r-oldrel-macos-arm64 0.2 64.00 NOTE
r-oldrel-macos-x86_64 0.2 70.00 NOTE
r-oldrel-windows-ix86+x86_64 0.2 26.00 110.00 136.00 NOTE

Check Details

Version: 0.2
Check: LazyData
Result: NOTE
     'LazyData' is specified without a 'data' directory
Flavors: r-devel-linux-x86_64-debian-clang, r-devel-linux-x86_64-debian-gcc, r-devel-linux-x86_64-fedora-clang, r-devel-linux-x86_64-fedora-gcc, r-devel-windows-x86_64, r-patched-linux-x86_64, r-release-linux-x86_64, r-release-macos-arm64, r-release-macos-x86_64, r-release-windows-x86_64, r-oldrel-macos-arm64, r-oldrel-macos-x86_64, r-oldrel-windows-ix86+x86_64