Last updated on 2022-06-27 15:53:49 CEST.
Flavor | Version | Tinstall | Tcheck | Ttotal | Status | Flags |
---|---|---|---|---|---|---|
r-devel-linux-x86_64-debian-clang | 0.0.2 | 28.36 | 318.30 | 346.66 | NOTE | |
r-devel-linux-x86_64-debian-gcc | 0.0.2 | 21.90 | 238.34 | 260.24 | NOTE | |
r-devel-linux-x86_64-fedora-clang | 0.0.2 | 405.28 | NOTE | |||
r-devel-linux-x86_64-fedora-gcc | 0.0.2 | 410.38 | NOTE | |||
r-devel-windows-x86_64 | 0.0.2 | 74.00 | 303.00 | 377.00 | NOTE | |
r-patched-linux-x86_64 | 0.0.2 | 26.38 | 306.96 | 333.34 | NOTE | |
r-release-linux-x86_64 | 0.0.2 | 29.59 | 292.79 | 322.38 | NOTE | |
r-release-macos-arm64 | 0.0.2 | 92.00 | NOTE | |||
r-release-macos-x86_64 | 0.0.2 | 123.00 | NOTE | |||
r-release-windows-x86_64 | 0.0.2 | 66.00 | 298.00 | 364.00 | NOTE | |
r-oldrel-macos-arm64 | 0.0.2 | 53.00 | NOTE | |||
r-oldrel-macos-x86_64 | 0.0.2 | 96.00 | NOTE | |||
r-oldrel-windows-ix86+x86_64 | 0.0.2 | 63.00 | 305.00 | 368.00 | NOTE |
Version: 0.0.2
Check: LazyData
Result: NOTE
'LazyData' is specified without a 'data' directory
Flavors: r-devel-linux-x86_64-debian-clang, r-devel-linux-x86_64-debian-gcc, r-devel-linux-x86_64-fedora-clang, r-devel-linux-x86_64-fedora-gcc, r-devel-windows-x86_64, r-patched-linux-x86_64, r-release-linux-x86_64, r-release-macos-arm64, r-release-macos-x86_64, r-release-windows-x86_64, r-oldrel-macos-arm64, r-oldrel-macos-x86_64, r-oldrel-windows-ix86+x86_64
Version: 0.0.2
Check: installed package size
Result: NOTE
installed size is 7.1Mb
sub-directories of 1Mb or more:
extdata 6.9Mb
Flavors: r-devel-linux-x86_64-fedora-clang, r-devel-windows-x86_64, r-release-macos-arm64, r-release-macos-x86_64, r-release-windows-x86_64, r-oldrel-macos-arm64, r-oldrel-macos-x86_64, r-oldrel-windows-ix86+x86_64
Version: 0.0.2
Check: dependencies in R code
Result: NOTE
Namespaces in Imports field not imported from:
‘rgdal’ ‘sp’
All declared Imports should be used.
Flavors: r-devel-linux-x86_64-fedora-clang, r-devel-linux-x86_64-fedora-gcc, r-release-macos-arm64, r-release-macos-x86_64, r-oldrel-macos-arm64, r-oldrel-macos-x86_64