CRAN Package Check Results for Package neurocInstall

Last updated on 2022-06-28 03:51:37 CEST.

Flavor Version Tinstall Tcheck Ttotal Status Flags
r-devel-linux-x86_64-debian-clang 0.12.0 6.77 61.74 68.51 NOTE
r-devel-linux-x86_64-debian-gcc 0.12.0 5.12 44.79 49.91 NOTE
r-devel-linux-x86_64-fedora-clang 0.12.0 90.97 NOTE
r-devel-linux-x86_64-fedora-gcc 0.12.0 91.85 NOTE
r-devel-windows-x86_64 0.12.0 25.00 92.00 117.00 NOTE
r-patched-linux-x86_64 0.12.0 6.18 58.99 65.17 NOTE
r-release-linux-x86_64 0.12.0 5.01 58.30 63.31 NOTE
r-release-macos-arm64 0.12.0 28.00 NOTE
r-release-macos-x86_64 0.12.0 45.00 NOTE
r-release-windows-x86_64 0.12.0 31.00 83.00 114.00 NOTE
r-oldrel-macos-arm64 0.12.0 36.00 NOTE
r-oldrel-macos-x86_64 0.12.0 1803.00 NOTE
r-oldrel-windows-ix86+x86_64 0.12.0 16.00 83.00 99.00 NOTE

Check Details

Version: 0.12.0
Check: LazyData
Result: NOTE
     'LazyData' is specified without a 'data' directory
Flavors: r-devel-linux-x86_64-debian-clang, r-devel-linux-x86_64-debian-gcc, r-devel-linux-x86_64-fedora-clang, r-devel-linux-x86_64-fedora-gcc, r-devel-windows-x86_64, r-patched-linux-x86_64, r-release-linux-x86_64, r-release-macos-arm64, r-release-macos-x86_64, r-release-windows-x86_64, r-oldrel-macos-arm64, r-oldrel-macos-x86_64, r-oldrel-windows-ix86+x86_64