Last updated on 2022-07-01 03:53:55 CEST.
Flavor | Version | Tinstall | Tcheck | Ttotal | Status | Flags |
---|---|---|---|---|---|---|
r-devel-linux-x86_64-debian-clang | 1.1.1 | 167.97 | 101.13 | 269.10 | WARN | |
r-devel-linux-x86_64-debian-gcc | 1.1.1 | 132.60 | 77.85 | 210.45 | OK | |
r-devel-linux-x86_64-fedora-clang | 1.1.1 | 420.42 | WARN | |||
r-devel-linux-x86_64-fedora-gcc | 1.1.1 | 364.25 | OK | |||
r-devel-windows-x86_64 | 1.1.1 | 184.00 | 181.00 | 365.00 | OK | |
r-patched-linux-x86_64 | 1.1.1 | 146.23 | 99.09 | 245.32 | OK | |
r-release-linux-x86_64 | 1.1.1 | 139.78 | 99.88 | 239.66 | OK | |
r-release-macos-arm64 | 1.1.1 | 95.00 | NOTE | |||
r-release-macos-x86_64 | 1.1.1 | 124.00 | NOTE | |||
r-release-windows-x86_64 | 1.1.1 | 183.00 | 181.00 | 364.00 | OK | |
r-oldrel-macos-arm64 | 1.1.1 | 96.00 | NOTE | |||
r-oldrel-macos-x86_64 | 1.1.1 | 139.00 | NOTE | |||
r-oldrel-windows-ix86+x86_64 | 1.1.1 | 429.00 | 196.00 | 625.00 | OK |
Version: 1.1.1
Check: whether package can be installed
Result: WARN
Found the following significant warnings:
checkPairs.cpp:15:10: warning: use of bitwise '|' with boolean operands [-Wbitwise-instead-of-logical]
checkPairs.cpp:15:41: warning: use of bitwise '&' with boolean operands [-Wbitwise-instead-of-logical]
checkPairs.cpp:15:11: warning: use of bitwise '&' with boolean operands [-Wbitwise-instead-of-logical]
checkPairs.cpp:18:15: warning: use of bitwise '|' with boolean operands [-Wbitwise-instead-of-logical]
checkPairs.cpp:18:46: warning: use of bitwise '&' with boolean operands [-Wbitwise-instead-of-logical]
checkPairs.cpp:18:16: warning: use of bitwise '&' with boolean operands [-Wbitwise-instead-of-logical]
checkPairs.cpp:21:15: warning: use of bitwise '&' with boolean operands [-Wbitwise-instead-of-logical]
checkPairs.cpp:24:15: warning: use of bitwise '&' with boolean operands [-Wbitwise-instead-of-logical]
listingIdeals.cpp:50:12: warning: use of bitwise '&' with boolean operands [-Wbitwise-instead-of-logical]
Flavors: r-devel-linux-x86_64-debian-clang, r-devel-linux-x86_64-fedora-clang
Version: 1.1.1
Check: installed package size
Result: NOTE
installed size is 5.4Mb
sub-directories of 1Mb or more:
doc 1.0Mb
libs 4.0Mb
Flavors: r-devel-linux-x86_64-fedora-clang, r-release-macos-arm64, r-release-macos-x86_64, r-oldrel-macos-arm64, r-oldrel-macos-x86_64