CRAN Package Check Results for Package netClust

Last updated on 2022-06-29 15:49:59 CEST.

Flavor Version Tinstall Tcheck Ttotal Status Flags
r-devel-linux-x86_64-debian-clang 1.0.1 54.03 34.33 88.36 OK
r-devel-linux-x86_64-debian-gcc 1.0.1 44.88 26.24 71.12 OK
r-devel-linux-x86_64-fedora-clang 1.0.1 145.94 OK
r-devel-linux-x86_64-fedora-gcc 1.0.1 131.94 OK
r-devel-windows-x86_64 1.0.1 48.00 81.00 129.00 OK
r-patched-linux-x86_64 1.0.1 50.26 33.85 84.11 OK
r-release-linux-x86_64 1.0.1 50.18 34.25 84.43 OK
r-release-macos-arm64 1.0.1 36.00 NOTE
r-release-macos-x86_64 1.0.1 47.00 NOTE
r-release-windows-x86_64 1.0.1 47.00 82.00 129.00 OK
r-oldrel-macos-arm64 1.0.1 44.00 NOTE
r-oldrel-macos-x86_64 1.0.1 81.00 NOTE
r-oldrel-windows-ix86+x86_64 1.0.1 126.00 93.00 219.00 OK

Check Details

Version: 1.0.1
Check: installed package size
Result: NOTE
     installed size is 5.7Mb
     sub-directories of 1Mb or more:
     libs 5.6Mb
Flavors: r-release-macos-arm64, r-release-macos-x86_64, r-oldrel-macos-arm64, r-oldrel-macos-x86_64