Last updated on 2025-01-25 15:49:17 CET.
Flavor | Version | Tinstall | Tcheck | Ttotal | Status | Flags |
---|---|---|---|---|---|---|
r-devel-linux-x86_64-debian-clang | 1.5.3 | 104.08 | 413.40 | 517.48 | OK | |
r-devel-linux-x86_64-debian-gcc | 1.5.3 | 84.46 | 277.32 | 361.78 | OK | |
r-devel-linux-x86_64-fedora-clang | 1.5.3 | 862.87 | OK | |||
r-devel-linux-x86_64-fedora-gcc | 1.5.3 | 718.82 | OK | |||
r-devel-windows-x86_64 | 1.5.3 | 86.00 | 351.00 | 437.00 | OK | |
r-patched-linux-x86_64 | 1.5.3 | 105.42 | 386.63 | 492.05 | OK | |
r-release-linux-x86_64 | 1.5.3 | 103.96 | 384.32 | 488.28 | OK | |
r-release-macos-arm64 | 1.5.3 | 214.00 | NOTE | |||
r-release-macos-x86_64 | 1.5.3 | 319.00 | NOTE | |||
r-release-windows-x86_64 | 1.5.3 | 89.00 | 356.00 | 445.00 | OK | |
r-oldrel-macos-arm64 | 1.5.3 | 208.00 | NOTE | |||
r-oldrel-macos-x86_64 | 1.5.3 | 488.00 | NOTE | |||
r-oldrel-windows-x86_64 | 1.5.3 | 119.00 | 472.00 | 591.00 | OK |
Version: 1.5.3
Check: installed package size
Result: NOTE
installed size is 29.3Mb
sub-directories of 1Mb or more:
libs 27.6Mb
Flavors: r-release-macos-arm64, r-release-macos-x86_64, r-oldrel-macos-arm64, r-oldrel-macos-x86_64