CRAN Package Check Results for Package neatmaps

Last updated on 2022-05-27 04:56:43 CEST.

Flavor Version Tinstall Tcheck Ttotal Status Flags
r-devel-linux-x86_64-debian-clang 2.1.0 10.83 107.97 118.80 OK
r-devel-linux-x86_64-debian-gcc 2.1.0 7.87 79.76 87.63 OK
r-devel-linux-x86_64-fedora-clang 2.1.0 144.19 NOTE
r-devel-linux-x86_64-fedora-gcc 2.1.0 122.81 OK
r-devel-windows-x86_64 2.1.0 22.00 124.00 146.00 NOTE
r-patched-linux-x86_64 2.1.0 6.30 99.11 105.41 OK
r-release-linux-x86_64 2.1.0 6.28 99.13 105.41 OK
r-release-macos-arm64 2.1.0 41.00 NOTE
r-release-macos-x86_64 2.1.0 66.00 NOTE
r-release-windows-x86_64 2.1.0 28.00 119.00 147.00 NOTE
r-oldrel-macos-arm64 2.1.0 59.00 NOTE
r-oldrel-macos-x86_64 2.1.0 52.00 NOTE
r-oldrel-windows-ix86+x86_64 2.1.0 24.00 117.00 141.00 NOTE

Check Details

Version: 2.1.0
Check: installed package size
Result: NOTE
     installed size is 6.3Mb
Flavors: r-devel-linux-x86_64-fedora-clang, r-devel-windows-x86_64, r-release-macos-arm64, r-release-macos-x86_64, r-release-windows-x86_64, r-oldrel-macos-arm64, r-oldrel-macos-x86_64, r-oldrel-windows-ix86+x86_64