Last updated on 2022-05-20 15:52:13 CEST.
Flavor | Version | Tinstall | Tcheck | Ttotal | Status | Flags |
---|---|---|---|---|---|---|
r-devel-linux-x86_64-debian-clang | 0.9.0 | 13.10 | 167.16 | 180.26 | NOTE | |
r-devel-linux-x86_64-debian-gcc | 0.9.0 | 9.54 | 137.36 | 146.90 | NOTE | |
r-devel-linux-x86_64-fedora-clang | 0.9.0 | 217.14 | NOTE | |||
r-devel-linux-x86_64-fedora-gcc | 0.9.0 | 226.21 | NOTE | |||
r-devel-windows-x86_64 | 0.9.0 | 21.00 | 209.00 | 230.00 | NOTE | |
r-patched-linux-x86_64 | 0.9.0 | 11.41 | 176.33 | 187.74 | NOTE | |
r-release-linux-x86_64 | 0.9.0 | 9.29 | 176.36 | 185.65 | NOTE | |
r-release-macos-arm64 | 0.9.0 | 71.00 | NOTE | |||
r-release-macos-x86_64 | 0.9.0 | 89.00 | NOTE | |||
r-release-windows-x86_64 | 0.9.0 | 27.00 | 211.00 | 238.00 | NOTE | |
r-oldrel-macos-arm64 | 0.9.0 | 86.00 | NOTE | |||
r-oldrel-macos-x86_64 | 0.9.0 | 109.00 | NOTE | |||
r-oldrel-windows-ix86+x86_64 | 0.9.0 | 29.00 | 220.00 | 249.00 | NOTE |
Version: 0.9.0
Check: LazyData
Result: NOTE
'LazyData' is specified without a 'data' directory
Flavors: r-devel-linux-x86_64-debian-clang, r-devel-linux-x86_64-debian-gcc, r-devel-linux-x86_64-fedora-clang, r-devel-linux-x86_64-fedora-gcc, r-devel-windows-x86_64, r-patched-linux-x86_64, r-release-linux-x86_64, r-release-macos-arm64, r-release-macos-x86_64, r-release-windows-x86_64, r-oldrel-macos-arm64, r-oldrel-macos-x86_64, r-oldrel-windows-ix86+x86_64