Last updated on 2022-05-28 15:51:03 CEST.
Flavor | Version | Tinstall | Tcheck | Ttotal | Status | Flags |
---|---|---|---|---|---|---|
r-devel-linux-x86_64-debian-clang | 0.5.0 | 7.34 | 146.99 | 154.33 | OK | |
r-devel-linux-x86_64-debian-gcc | 0.5.0 | 5.69 | 108.08 | 113.77 | OK | |
r-devel-linux-x86_64-fedora-clang | 0.5.0 | 186.86 | NOTE | |||
r-devel-linux-x86_64-fedora-gcc | 0.5.0 | 165.61 | NOTE | |||
r-devel-windows-x86_64 | 0.5.0 | 37.00 | 169.00 | 206.00 | OK | |
r-patched-linux-x86_64 | 0.5.0 | 4.78 | 137.56 | 142.34 | OK | |
r-release-linux-x86_64 | 0.5.0 | 6.56 | 139.78 | 146.34 | OK | |
r-release-macos-arm64 | 0.5.0 | 44.00 | NOTE | |||
r-release-macos-x86_64 | 0.5.0 | 76.00 | NOTE | |||
r-release-windows-x86_64 | 0.5.0 | 44.00 | 172.00 | 216.00 | OK | |
r-oldrel-macos-arm64 | 0.5.0 | 48.00 | NOTE | |||
r-oldrel-macos-x86_64 | 0.5.0 | 77.00 | NOTE | |||
r-oldrel-windows-ix86+x86_64 | 0.5.0 | 18.00 | 166.00 | 184.00 | OK |
Version: 0.5.0
Check: data for non-ASCII characters
Result: NOTE
Note: found 5 marked Latin-1 strings
Note: found 7187 marked UTF-8 strings
Flavors: r-devel-linux-x86_64-fedora-clang, r-devel-linux-x86_64-fedora-gcc, r-release-macos-arm64, r-release-macos-x86_64, r-oldrel-macos-arm64, r-oldrel-macos-x86_64