CRAN Package Check Results for Package nat

Last updated on 2022-05-25 04:55:31 CEST.

Flavor Version Tinstall Tcheck Ttotal Status Flags
r-devel-linux-x86_64-debian-clang 1.8.19 17.55 177.23 194.78 ERROR
r-devel-linux-x86_64-debian-gcc 1.8.19 13.05 130.41 143.46 ERROR
r-devel-linux-x86_64-fedora-clang 1.8.19 139.90 NOTE
r-devel-linux-x86_64-fedora-gcc 1.8.19 220.73 NOTE
r-devel-windows-x86_64 1.8.19 123.00 225.00 348.00 ERROR
r-patched-linux-x86_64 1.8.19 21.80 168.58 190.38 ERROR
r-release-linux-x86_64 1.8.19 ERROR
r-release-macos-arm64 1.8.19 52.00 NOTE
r-release-macos-x86_64 1.8.19 83.00 NOTE
r-release-windows-x86_64 1.8.19 108.00 209.00 317.00 ERROR
r-oldrel-macos-arm64 1.8.19 55.00 NOTE
r-oldrel-macos-x86_64 1.8.19 82.00 NOTE
r-oldrel-windows-ix86+x86_64 1.8.19 33.00 203.00 236.00 WARN

Check Details

Version: 1.8.19
Check: re-building of vignette outputs
Result: ERROR
    Error(s) in re-building vignettes:
     ...
    --- re-building 'Installation.Rmd' using rmarkdown
    --- finished re-building 'Installation.Rmd'
    
    --- re-building 'neurons-intro.Rmd' using rmarkdown
    Loading required package: rgl
    Registered S3 method overwritten by 'nat':
     method from
     as.mesh3d.ashape3d rgl
    Some nat functions depend on a CMTK installation. See ?cmtk and README.md for details.
    
    Attaching package: 'nat'
    
    The following objects are masked from 'package:base':
    
     intersect, setdiff, union
    
    Error: processing vignette 'neurons-intro.Rmd' failed with diagnostics:
    Invalid path to Chrome
    --- failed re-building 'neurons-intro.Rmd'
    
    SUMMARY: processing the following file failed:
     'neurons-intro.Rmd'
    
    Error: Vignette re-building failed.
    Execution halted
Flavors: r-devel-linux-x86_64-debian-clang, r-devel-linux-x86_64-debian-gcc, r-patched-linux-x86_64, r-release-linux-x86_64

Version: 1.8.19
Check: for detritus in the temp directory
Result: NOTE
    Found the following files/directories:
     ‘Crashpad’
Flavors: r-devel-linux-x86_64-fedora-clang, r-devel-linux-x86_64-fedora-gcc

Version: 1.8.19
Check: re-building of vignette outputs
Result: ERROR
    Error(s) in re-building vignettes:
    --- re-building 'Installation.Rmd' using rmarkdown
    --- finished re-building 'Installation.Rmd'
    
    --- re-building 'neurons-intro.Rmd' using rmarkdown
    Loading required package: rgl
    Registered S3 method overwritten by 'nat':
     method from
     as.mesh3d.ashape3d rgl
    Some nat functions depend on a CMTK installation. See ?cmtk and README.md for details.
    
    Attaching package: 'nat'
    
    The following objects are masked from 'package:base':
    
     intersect, setdiff, union
    
    Error: processing vignette 'neurons-intro.Rmd' failed with diagnostics:
    Invalid path to Chrome
    --- failed re-building 'neurons-intro.Rmd'
    
    SUMMARY: processing the following file failed:
     'neurons-intro.Rmd'
    
    Error: Vignette re-building failed.
    Execution halted
Flavors: r-devel-windows-x86_64, r-release-windows-x86_64

Version: 1.8.19
Check: package dependencies
Result: NOTE
    Package suggested but not available for checking: ‘webshot2’
Flavors: r-release-macos-arm64, r-release-macos-x86_64, r-oldrel-macos-arm64, r-oldrel-macos-x86_64

Version: 1.8.19
Check: re-building of vignette outputs
Result: WARN
    Error(s) in re-building vignettes:
    --- re-building 'Installation.Rmd' using rmarkdown
    --- finished re-building 'Installation.Rmd'
    
    --- re-building 'neurons-intro.Rmd' using rmarkdown
    Loading required package: rgl
    Registered S3 method overwritten by 'nat':
     method from
     as.mesh3d.ashape3d rgl
    Some nat functions depend on a CMTK installation. See ?cmtk and README.md for details.
    
    Attaching package: 'nat'
    
    The following objects are masked from 'package:base':
    
     intersect, setdiff, union
    
    Error: processing vignette 'neurons-intro.Rmd' failed with diagnostics:
    Invalid path to Chrome
    --- failed re-building 'neurons-intro.Rmd'
    
    SUMMARY: processing the following file failed:
     'neurons-intro.Rmd'
    
    Error: Vignette re-building failed.
    Execution halted
Flavor: r-oldrel-windows-ix86+x86_64