CRAN Package Check Results for Package naryn

Last updated on 2024-06-25 05:01:00 CEST.

Flavor Version Tinstall Tcheck Ttotal Status Flags
r-devel-linux-x86_64-debian-clang 2.6.26 152.86 55.68 208.54 NOTE
r-devel-linux-x86_64-debian-gcc 2.6.26 110.18 42.65 152.83 NOTE
r-devel-linux-x86_64-fedora-clang 2.6.26 329.95 NOTE
r-devel-linux-x86_64-fedora-gcc 2.6.26 343.94 NOTE
r-patched-linux-x86_64 2.6.26 140.88 53.63 194.51 OK
r-release-linux-x86_64 2.6.26 98.55 54.20 152.75 OK
r-release-macos-arm64 2.6.26 85.00 NOTE
r-release-macos-x86_64 2.6.26 78.00 NOTE
r-oldrel-macos-arm64 2.6.26 75.00 NOTE
r-oldrel-macos-x86_64 2.6.26 117.00 NOTE

Additional issues

noRemap rchk

Check Details

Version: 2.6.26
Check: compiled code
Result: NOTE File ‘naryn/libs/naryn.so’: Found non-API call to R: ‘R_curErrorBuf’ Compiled code should not call non-API entry points in R. See ‘Writing portable packages’ in the ‘Writing R Extensions’ manual. Flavor: r-devel-linux-x86_64-debian-clang

Version: 2.6.26
Check: compiled code
Result: NOTE File ‘naryn/libs/naryn.so’: Found non-API calls to R: ‘PRCODE’, ‘PRENV’, ‘PRVALUE’, ‘R_curErrorBuf’ Compiled code should not call non-API entry points in R. See ‘Writing portable packages’ in the ‘Writing R Extensions’ manual. Flavors: r-devel-linux-x86_64-debian-gcc, r-devel-linux-x86_64-fedora-clang, r-devel-linux-x86_64-fedora-gcc

Version: 2.6.26
Check: installed package size
Result: NOTE installed size is 11.1Mb sub-directories of 1Mb or more: libs 10.5Mb Flavors: r-release-macos-arm64, r-release-macos-x86_64, r-oldrel-macos-arm64, r-oldrel-macos-x86_64