Last updated on 2023-06-10 03:56:28 CEST.
Flavor | Version | Tinstall | Tcheck | Ttotal | Status | Flags |
---|---|---|---|---|---|---|
r-devel-linux-x86_64-debian-clang | 0.9.3 | 32.06 | 204.38 | 236.44 | NOTE | |
r-devel-linux-x86_64-debian-gcc | 0.9.3 | 24.89 | 162.43 | 187.32 | NOTE | |
r-devel-linux-x86_64-fedora-clang | 0.9.3 | 350.45 | NOTE | |||
r-devel-linux-x86_64-fedora-gcc | 0.9.3 | 335.46 | NOTE | |||
r-devel-windows-x86_64 | 0.9.3 | 31.00 | 203.00 | 234.00 | NOTE | |
r-patched-linux-x86_64 | 0.9.3 | 30.29 | 203.87 | 234.16 | NOTE | |
r-release-linux-x86_64 | 0.9.3 | 29.07 | 202.48 | 231.55 | NOTE | |
r-release-macos-arm64 | 0.9.3 | 120.00 | NOTE | |||
r-release-macos-x86_64 | 0.9.3 | 187.00 | NOTE | |||
r-release-windows-x86_64 | 0.9.3 | 38.00 | 253.00 | 291.00 | NOTE | |
r-oldrel-macos-arm64 | 0.9.3 | 101.00 | OK | |||
r-oldrel-macos-x86_64 | 0.9.3 | 166.00 | OK | |||
r-oldrel-windows-x86_64 | 0.9.3 | 37.00 | 257.00 | 294.00 | OK |
Version: 0.9.3
Check: C++ specification
Result: NOTE
Specified C++11: please drop specification unless essential
Flavors: r-devel-linux-x86_64-debian-clang, r-devel-linux-x86_64-debian-gcc, r-devel-linux-x86_64-fedora-clang, r-devel-linux-x86_64-fedora-gcc, r-devel-windows-x86_64, r-patched-linux-x86_64, r-release-linux-x86_64, r-release-macos-arm64, r-release-macos-x86_64, r-release-windows-x86_64