CRAN Package Check Results for Package mvrsquared

Last updated on 2022-05-26 15:53:16 CEST.

Flavor Version Tinstall Tcheck Ttotal Status Flags
r-devel-linux-x86_64-debian-clang 0.1.2 41.14 11.89 53.03 ERROR
r-devel-linux-x86_64-debian-gcc 0.1.2 35.77 82.03 117.80 OK
r-devel-linux-x86_64-fedora-clang 0.1.2 182.08 OK
r-devel-linux-x86_64-fedora-gcc 0.1.2 160.31 OK
r-devel-windows-x86_64 0.1.2 48.00 130.00 178.00 OK
r-patched-linux-x86_64 0.1.2 35.94 91.42 127.36 OK
r-release-linux-x86_64 0.1.2 OK
r-release-macos-arm64 0.1.2 51.00 OK
r-release-macos-x86_64 0.1.2 65.00 OK
r-release-windows-x86_64 0.1.2 54.00 134.00 188.00 OK
r-oldrel-macos-arm64 0.1.2 42.00 OK
r-oldrel-macos-x86_64 0.1.2 61.00 OK
r-oldrel-windows-ix86+x86_64 0.1.2 101.00 144.00 245.00 OK

Check Details

Version: 0.1.2
Check: whether package can be installed
Result: ERROR
    Installation failed.
Flavor: r-devel-linux-x86_64-debian-clang