Last updated on 2022-05-16 03:53:37 CEST.
Flavor | Version | Tinstall | Tcheck | Ttotal | Status | Flags |
---|---|---|---|---|---|---|
r-devel-linux-x86_64-debian-clang | 1.1.1 | 16.83 | 218.94 | 235.77 | OK | |
r-devel-linux-x86_64-debian-gcc | 1.1.1 | 12.90 | 159.25 | 172.15 | OK | |
r-devel-linux-x86_64-fedora-clang | 1.1.1 | 276.28 | NOTE | |||
r-devel-linux-x86_64-fedora-gcc | 1.1.1 | 285.93 | OK | |||
r-devel-windows-x86_64 | 1.1.1 | 44.00 | 252.00 | 296.00 | OK | |
r-patched-linux-x86_64 | 1.1.1 | 18.98 | 208.60 | 227.58 | OK | |
r-release-linux-x86_64 | 1.1.1 | 10.60 | 209.01 | 219.61 | OK | |
r-release-macos-arm64 | 1.1.1 | 83.00 | OK | |||
r-release-macos-x86_64 | 1.1.1 | 104.00 | OK | |||
r-release-windows-x86_64 | 1.1.1 | 47.00 | 266.00 | 313.00 | OK | |
r-oldrel-macos-arm64 | 1.1.1 | 101.00 | OK | |||
r-oldrel-macos-x86_64 | 1.1.1 | 157.00 | OK | |||
r-oldrel-windows-ix86+x86_64 | 1.1.1 | 33.00 | 357.00 | 390.00 | OK |
Version: 1.1.1
Check: Rd cross-references
Result: NOTE
Undeclared package ‘VGAM’ in Rd xrefs
Flavor: r-devel-linux-x86_64-fedora-clang