Last updated on 2022-05-21 15:50:00 CEST.
Flavor | Version | Tinstall | Tcheck | Ttotal | Status | Flags |
---|---|---|---|---|---|---|
r-devel-linux-x86_64-debian-clang | 1.0.3 | 4.86 | 66.36 | 71.22 | OK | |
r-devel-linux-x86_64-debian-gcc | 1.0.3 | 3.91 | 48.36 | 52.27 | OK | |
r-devel-linux-x86_64-fedora-clang | 1.0.3 | 81.19 | NOTE | |||
r-devel-linux-x86_64-fedora-gcc | 1.0.3 | 82.65 | OK | |||
r-devel-windows-x86_64 | 1.0.3 | 25.00 | 87.00 | 112.00 | OK | |
r-patched-linux-x86_64 | 1.0.3 | 5.68 | 61.52 | 67.20 | OK | |
r-release-linux-x86_64 | 1.0.3 | 4.43 | 61.00 | 65.43 | OK | |
r-release-macos-arm64 | 1.0.3 | 24.00 | OK | |||
r-release-macos-x86_64 | 1.0.3 | 32.00 | OK | |||
r-release-windows-x86_64 | 1.0.3 | 29.00 | 90.00 | 119.00 | OK | |
r-oldrel-macos-arm64 | 1.0.3 | 31.00 | OK | |||
r-oldrel-macos-x86_64 | 1.0.3 | 45.00 | OK | |||
r-oldrel-windows-ix86+x86_64 | 1.0.3 | 9.00 | 75.00 | 84.00 | OK |
Version: 1.0.3
Check: Rd cross-references
Result: NOTE
Undeclared package ‘dosresmeta’ in Rd xrefs
Flavor: r-devel-linux-x86_64-fedora-clang