CRAN Package Check Results for Package mvc

Last updated on 2022-05-26 15:53:16 CEST.

Flavor Version Tinstall Tcheck Ttotal Status Flags
r-devel-linux-x86_64-debian-clang 1.3 4.93 54.73 59.66 NOTE
r-devel-linux-x86_64-debian-gcc 1.3 4.12 46.49 50.61 NOTE
r-devel-linux-x86_64-fedora-clang 1.3 75.41 NOTE
r-devel-linux-x86_64-fedora-gcc 1.3 59.71 NOTE
r-devel-windows-x86_64 1.3 18.00 72.00 90.00 NOTE
r-patched-linux-x86_64 1.3 3.46 52.33 55.79 NOTE
r-release-linux-x86_64 1.3 NOTE
r-release-macos-arm64 1.3 21.00 NOTE
r-release-macos-x86_64 1.3 39.00 NOTE
r-release-windows-x86_64 1.3 18.00 71.00 89.00 NOTE
r-oldrel-macos-arm64 1.3 23.00 NOTE
r-oldrel-macos-x86_64 1.3 38.00 NOTE
r-oldrel-windows-ix86+x86_64 1.3 13.00 64.00 77.00 NOTE

Check Details

Version: 1.3
Check: R code for possible problems
Result: NOTE
    conceptIndicesSkm: no visible global function definition for
     'txtProgressBar'
    conceptIndicesSkm: no visible global function definition for
     'setTxtProgressBar'
    conceptVectorsSkm: no visible global function definition for
     'txtProgressBar'
    conceptVectorsSkm: no visible global function definition for
     'setTxtProgressBar'
    mvcmb: no visible global function definition for 'runif'
    mvcmb: no visible global function definition for 'str'
    mvcsph: no visible global function definition for 'pdf'
    mvcsph: no visible global function definition for 'heatmap'
    mvcsph: no visible global function definition for 'dev.off'
    mvcsph: no visible global function definition for 'hclust'
    mvcsph: no visible global function definition for 'dist'
    mvcsph: no visible global function definition for 'str'
    Undefined global functions or variables:
     dev.off dist hclust heatmap pdf runif setTxtProgressBar str
     txtProgressBar
    Consider adding
     importFrom("grDevices", "dev.off", "pdf")
     importFrom("stats", "dist", "hclust", "heatmap", "runif")
     importFrom("utils", "setTxtProgressBar", "str", "txtProgressBar")
    to your NAMESPACE file.
Flavors: r-devel-linux-x86_64-debian-clang, r-devel-linux-x86_64-debian-gcc, r-devel-linux-x86_64-fedora-clang, r-devel-linux-x86_64-fedora-gcc, r-devel-windows-x86_64, r-patched-linux-x86_64, r-release-linux-x86_64, r-release-macos-arm64, r-release-macos-x86_64, r-release-windows-x86_64, r-oldrel-macos-arm64, r-oldrel-macos-x86_64, r-oldrel-windows-ix86+x86_64