CRAN Package Check Results for Package multidplyr

Last updated on 2022-05-17 15:53:23 CEST.

Flavor Version Tinstall Tcheck Ttotal Status Flags
r-devel-linux-x86_64-debian-clang 0.1.1 6.23 150.22 156.45 OK
r-devel-linux-x86_64-debian-gcc 0.1.1 3.79 119.61 123.40 OK
r-devel-linux-x86_64-fedora-clang 0.1.1 193.32 OK
r-devel-linux-x86_64-fedora-gcc 0.1.1 186.14 OK
r-devel-windows-x86_64 0.1.1 35.00 182.00 217.00 OK
r-patched-linux-x86_64 0.1.1 4.19 146.66 150.85 OK
r-release-linux-x86_64 0.1.1 6.90 146.98 153.88 OK
r-release-macos-arm64 0.1.1 59.00 OK
r-release-macos-x86_64 0.1.1 114.00 OK
r-release-windows-x86_64 0.1.1 31.00 144.00 175.00 ERROR
r-oldrel-macos-arm64 0.1.1 315.00 OK
r-oldrel-macos-x86_64 0.1.1 81.00 OK
r-oldrel-windows-ix86+x86_64 0.1.1 14.00 168.00 182.00 OK

Check Details

Version: 0.1.1
Check: re-building of vignette outputs
Result: ERROR
    Error(s) in re-building vignettes:
    --- re-building 'multidplyr.Rmd' using rmarkdown
    *** recursive gc invocation
    *** recursive gc invocation
    *** recursive gc invocation
    *** recursive gc invocation
    *** recursive gc invocation
    *** recursive gc invocation
    *** recursive gc invocation
    *** recursive gc invocation
    *** recursive gc invocation
    *** recursive gc invocation
    *** recursive gc invocation
    *** recursive gc invocation
    *** recursive gc invocation
    *** recursive gc invocation
    *** recursive gc invocation
    *** recursive gc invocation
    *** recursive gc invocation
    *** recursive gc invocation
    *** recursive gc invocation
    *** recursive gc invocation
    *** recursive gc invocation
    *** recursive gc invocation
    *** recursive gc invocation
    *** recursive gc invocation
    *** recursive gc invocation
    *** recursive gc invocation
    *** recursive gc invocation
    *** recursive gc invocation
    *** recursive gc invocation
    *** recursive gc invocation
    *** recursive gc invocation
    *** recursive gc invocation
    *** recursive gc invocation
    *** recursive gc invocation
    *** recursive gc invocation
    *** recursive gc invocation
    *** recursive gc invocation
    *** recursive gc invocation
    *** recursive gc invocation
    *** recursive gc invocation
    *** recursive gc invocation
    *** recursive gc invocation
    *** recursive gc invocation
    *** recursive gc invocation
    *** recursive gc invocation
    *** recursive gc invocation
    *** recursive gc invocation
    *** recursive gc invocation
    *** recursive gc invocation
    *** recursive gc invocation
    *** recursive gc invocation
    *** recursive gc invocation
    *** recursive gc invocation
    *** recursive gc invocation
    *** recursive gc invocation
    *** recursive gc invocation
    *** recursive gc invocation
    *** recursive gc invocation
    *** recursive gc invocation
    *** recursive gc invocation
    *** recursive gc invocation
    *** recursive gc invocation
    *** recursive gc invocation
    *** recursive gc invocation
Flavor: r-release-windows-x86_64