Last updated on 2023-12-06 03:50:05 CET.
Flavor | Version | Tinstall | Tcheck | Ttotal | Status | Flags |
---|---|---|---|---|---|---|
r-devel-linux-x86_64-debian-clang | 11.3.5.101 | 15.54 | 56.92 | 72.46 | OK | |
r-devel-linux-x86_64-debian-gcc | 11.3.5.101 | 11.58 | 41.29 | 52.87 | OK | |
r-devel-linux-x86_64-fedora-clang | 11.3.5.101 | 89.44 | NOTE | |||
r-devel-linux-x86_64-fedora-gcc | 11.3.5.101 | 95.35 | NOTE | |||
r-devel-windows-x86_64 | 11.3.5.101 | 13.00 | 63.00 | 76.00 | OK | |
r-patched-linux-x86_64 | 11.3.5.101 | 9.69 | 52.29 | 61.98 | OK | |
r-release-linux-x86_64 | 11.3.5.101 | 8.65 | 53.13 | 61.78 | OK | |
r-release-macos-arm64 | 11.3.5.101 | 36.00 | OK | |||
r-release-macos-x86_64 | 11.3.5.101 | 46.00 | OK | |||
r-release-windows-x86_64 | 11.3.5.101 | 16.00 | 72.00 | 88.00 | OK | |
r-oldrel-macos-arm64 | 11.3.5.101 | 28.00 | NOTE | |||
r-oldrel-macos-x86_64 | 11.3.5.101 | 42.00 | NOTE | |||
r-oldrel-windows-x86_64 | 11.3.5.101 | 17.00 | 75.00 | 92.00 | OK |
Version: 11.3.5.101
Check: dependencies in R code
Result: NOTE
Namespaces in Imports field not imported from:
‘markdown’ ‘methods’ ‘vctrs’
All declared Imports should be used.
Flavors: r-devel-linux-x86_64-fedora-clang, r-devel-linux-x86_64-fedora-gcc, r-oldrel-macos-arm64, r-oldrel-macos-x86_64