Last updated on 2022-06-27 03:51:18 CEST.
Flavor | Version | Tinstall | Tcheck | Ttotal | Status | Flags |
---|---|---|---|---|---|---|
r-devel-linux-x86_64-debian-clang | 1.0 | 12.66 | 92.67 | 105.33 | NOTE | |
r-devel-linux-x86_64-debian-gcc | 1.0 | 8.78 | 66.65 | 75.43 | NOTE | |
r-devel-linux-x86_64-fedora-clang | 1.0 | 131.07 | NOTE | |||
r-devel-linux-x86_64-fedora-gcc | 1.0 | 131.15 | NOTE | |||
r-devel-windows-x86_64 | 1.0 | 19.00 | 113.00 | 132.00 | OK | |
r-patched-linux-x86_64 | 1.0 | 12.41 | 86.07 | 98.48 | NOTE | |
r-release-linux-x86_64 | 1.0 | 8.01 | 85.58 | 93.59 | NOTE | |
r-release-macos-arm64 | 1.0 | 38.00 | OK | |||
r-release-macos-x86_64 | 1.0 | 59.00 | OK | |||
r-release-windows-x86_64 | 1.0 | 26.00 | 115.00 | 141.00 | OK | |
r-oldrel-macos-arm64 | 1.0 | 37.00 | OK | |||
r-oldrel-macos-x86_64 | 1.0 | 60.00 | OK | |||
r-oldrel-windows-ix86+x86_64 | 1.0 | 26.00 | 106.00 | 132.00 | OK |
Version: 1.0
Check: for non-standard things in the check directory
Result: NOTE
Found the following files/directories:
'Acceleration.pdf' 'File1.pdf' 'Forecast.pdf' 'Series.pdf'
'Velocity.pdf'
Flavors: r-devel-linux-x86_64-debian-clang, r-devel-linux-x86_64-debian-gcc, r-devel-linux-x86_64-fedora-clang, r-devel-linux-x86_64-fedora-gcc, r-patched-linux-x86_64, r-release-linux-x86_64