CRAN Package Check Results for Package mskcc.oncotree

Last updated on 2022-09-28 03:54:59 CEST.

Flavor Version Tinstall Tcheck Ttotal Status Flags
r-devel-linux-x86_64-debian-clang 0.1.0 5.23 49.75 54.98 OK
r-devel-linux-x86_64-debian-gcc 0.1.0 3.93 37.61 41.54 OK
r-devel-linux-x86_64-fedora-clang 0.1.0 82.13 NOTE
r-devel-linux-x86_64-fedora-gcc 0.1.0 76.84 NOTE
r-devel-windows-x86_64 0.1.0 11.00 77.00 88.00 OK
r-patched-linux-x86_64 0.1.0 5.56 47.25 52.81 OK
r-release-linux-x86_64 0.1.0 4.43 46.86 51.29 OK
r-release-macos-arm64 0.1.0 26.00 NOTE
r-release-macos-x86_64 0.1.0 35.00 NOTE
r-release-windows-x86_64 0.1.0 26.00 79.00 105.00 OK
r-oldrel-macos-arm64 0.1.0 25.00 NOTE
r-oldrel-macos-x86_64 0.1.0 34.00 NOTE
r-oldrel-windows-ix86+x86_64 0.1.0 11.00 77.00 88.00 OK

Check Details

Version: 0.1.0
Check: dependencies in R code
Result: NOTE
    Namespace in Imports field not imported from: ‘memoise’
     All declared Imports should be used.
Flavors: r-devel-linux-x86_64-fedora-clang, r-devel-linux-x86_64-fedora-gcc, r-release-macos-arm64, r-release-macos-x86_64, r-oldrel-macos-arm64, r-oldrel-macos-x86_64