Last updated on 2022-05-27 15:51:45 CEST.
Flavor | Version | Tinstall | Tcheck | Ttotal | Status | Flags |
---|---|---|---|---|---|---|
r-devel-linux-x86_64-debian-clang | 7.5.1 | 32.30 | 302.91 | 335.21 | OK | |
r-devel-linux-x86_64-debian-gcc | 7.5.1 | 27.10 | 225.82 | 252.92 | OK | |
r-devel-linux-x86_64-fedora-clang | 7.5.1 | 435.88 | NOTE | |||
r-devel-linux-x86_64-fedora-gcc | 7.5.1 | 400.65 | OK | |||
r-devel-windows-x86_64 | 7.5.1 | 36.00 | 371.00 | 407.00 | NOTE | |
r-patched-linux-x86_64 | 7.5.1 | 29.91 | 288.55 | 318.46 | OK | |
r-release-linux-x86_64 | 7.5.1 | 33.06 | 296.22 | 329.28 | OK | |
r-release-macos-arm64 | 7.5.1 | 164.00 | NOTE | |||
r-release-macos-x86_64 | 7.5.1 | 295.00 | NOTE | |||
r-release-windows-x86_64 | 7.5.1 | 38.00 | 364.00 | 402.00 | NOTE | |
r-oldrel-macos-arm64 | 7.5.1 | 140.00 | NOTE | |||
r-oldrel-macos-x86_64 | 7.5.1 | 182.00 | NOTE | |||
r-oldrel-windows-ix86+x86_64 | 7.5.1 | 58.00 | 362.00 | 420.00 | NOTE |
Version: 7.5.1
Check: installed package size
Result: NOTE
installed size is 6.0Mb
sub-directories of 1Mb or more:
R 5.9Mb
Flavors: r-devel-linux-x86_64-fedora-clang, r-devel-windows-x86_64, r-release-macos-arm64, r-release-macos-x86_64, r-release-windows-x86_64, r-oldrel-macos-arm64, r-oldrel-macos-x86_64, r-oldrel-windows-ix86+x86_64