Last updated on 2022-05-18 15:49:08 CEST.
Flavor | Version | Tinstall | Tcheck | Ttotal | Status | Flags |
---|---|---|---|---|---|---|
r-devel-linux-x86_64-debian-clang | 1.0.13 | 94.31 | 138.52 | 232.83 | OK | |
r-devel-linux-x86_64-debian-gcc | 1.0.13 | 73.57 | 103.61 | 177.18 | OK | |
r-devel-linux-x86_64-fedora-clang | 1.0.13 | 305.70 | NOTE | |||
r-devel-linux-x86_64-fedora-gcc | 1.0.13 | 278.64 | OK | |||
r-devel-windows-x86_64 | 1.0.13 | 106.00 | 184.00 | 290.00 | OK | |
r-patched-linux-x86_64 | 1.0.13 | 78.61 | 130.27 | 208.88 | OK | |
r-release-linux-x86_64 | 1.0.13 | 83.50 | 129.98 | 213.48 | OK | |
r-release-macos-arm64 | 1.0.13 | 84.00 | NOTE | |||
r-release-macos-x86_64 | 1.0.13 | 136.00 | NOTE | |||
r-release-windows-x86_64 | 1.0.13 | 103.00 | 182.00 | 285.00 | OK | |
r-oldrel-macos-arm64 | 1.0.13 | 97.00 | NOTE | |||
r-oldrel-macos-x86_64 | 1.0.13 | 146.00 | NOTE | |||
r-oldrel-windows-ix86+x86_64 | 1.0.13 | 233.00 | 251.00 | 484.00 | NOTE |
Version: 1.0.13
Check: installed package size
Result: NOTE
installed size is 15.5Mb
sub-directories of 1Mb or more:
data 1.6Mb
libs 13.4Mb
Flavors: r-devel-linux-x86_64-fedora-clang, r-release-macos-arm64, r-release-macos-x86_64, r-oldrel-macos-arm64, r-oldrel-macos-x86_64, r-oldrel-windows-ix86+x86_64