CRAN Package Check Results for Package mpower

Last updated on 2024-06-16 15:50:00 CEST.

Flavor Version Tinstall Tcheck Ttotal Status Flags
r-devel-linux-x86_64-debian-clang 0.1.0 8.99 71.23 80.22 OK
r-devel-linux-x86_64-debian-gcc 0.1.0 6.22 52.35 58.57 OK
r-devel-linux-x86_64-fedora-clang 0.1.0 97.79 OK
r-devel-linux-x86_64-fedora-gcc 0.1.0 90.86 OK
r-devel-windows-x86_64 0.1.0 7.00 82.00 89.00 OK
r-patched-linux-x86_64 0.1.0 6.66 67.18 73.84 OK
r-release-linux-x86_64 0.1.0 4.88 65.14 70.02 NOTE
r-release-macos-arm64 0.1.0 41.00 OK
r-release-macos-x86_64 0.1.0 53.00 OK
r-release-windows-x86_64 0.1.0 9.00 82.00 91.00 OK
r-oldrel-macos-arm64 0.1.0 37.00 OK
r-oldrel-macos-x86_64 0.1.0 57.00 OK
r-oldrel-windows-x86_64 0.1.0 10.00 97.00 107.00 OK

Check Details

Version: 0.1.0
Check: package dependencies
Result: NOTE Package suggested but not available for checking: ‘bws’ Flavor: r-release-linux-x86_64