Last updated on 2023-12-10 15:50:35 CET.
Flavor | Version | Tinstall | Tcheck | Ttotal | Status | Flags |
---|---|---|---|---|---|---|
r-devel-linux-x86_64-debian-clang | 0.43.2.1 | 7.19 | 33.26 | 40.45 | OK | |
r-devel-linux-x86_64-debian-gcc | 0.43.2.1 | 4.40 | 24.24 | 28.64 | OK | |
r-devel-linux-x86_64-fedora-clang | 0.43.2.1 | 50.01 | NOTE | |||
r-devel-linux-x86_64-fedora-gcc | 0.43.2.1 | 56.59 | NOTE | |||
r-devel-windows-x86_64 | 0.43.2.1 | 8.00 | 64.00 | 72.00 | OK | |
r-patched-linux-x86_64 | 0.43.2.1 | 6.06 | 31.38 | 37.44 | OK | |
r-release-linux-x86_64 | 0.43.2.1 | 4.86 | 30.91 | 35.77 | OK | |
r-release-macos-arm64 | 0.43.2.1 | 43.00 | OK | |||
r-release-macos-x86_64 | 0.43.2.1 | 73.00 | OK | |||
r-release-windows-x86_64 | 0.43.2.1 | 9.00 | 60.00 | 69.00 | OK | |
r-oldrel-macos-arm64 | 0.43.2.1 | 28.00 | OK | |||
r-oldrel-macos-x86_64 | 0.43.2.1 | 34.00 | OK | |||
r-oldrel-windows-x86_64 | 0.43.2.1 | 11.00 | 60.00 | 71.00 | OK |
Version: 0.43.2.1
Check: compiled code
Result: NOTE
File ‘mpmi/libs/mpmi.so’:
Found no calls to: ‘R_registerRoutines’, ‘R_useDynamicSymbols’
It is good practice to register native routines and to disable symbol
search.
See ‘Writing portable packages’ in the ‘Writing R Extensions’ manual.
Flavors: r-devel-linux-x86_64-fedora-clang, r-devel-linux-x86_64-fedora-gcc