CRAN Package Check Results for Package movMF

Last updated on 2024-02-21 03:57:13 CET.

Flavor Version Tinstall Tcheck Ttotal Status Flags
r-devel-linux-x86_64-debian-clang 0.2-8 OK
r-devel-linux-x86_64-debian-gcc 0.2-8 3.87 92.81 96.68 OK
r-devel-linux-x86_64-fedora-clang 0.2-8 162.26 NOTE
r-devel-linux-x86_64-fedora-gcc 0.2-8 173.05 NOTE
r-devel-windows-x86_64 0.2-8 9.00 141.00 150.00 OK
r-patched-linux-x86_64 0.2-8 4.09 127.63 131.72 OK
r-release-linux-x86_64 0.2-8 4.59 126.81 131.40 OK
r-release-macos-arm64 0.2-8 85.00 OK
r-release-macos-x86_64 0.2-8 182.00 OK
r-release-windows-x86_64 0.2-8 10.00 150.00 160.00 OK
r-oldrel-macos-arm64 0.2-8 71.00 OK
r-oldrel-windows-x86_64 0.2-8 9.00 143.00 152.00 OK

Check Details

Version: 0.2-8
Check: data for non-ASCII characters
Result: NOTE Note: found 121 marked UTF-8 strings Flavors: r-devel-linux-x86_64-fedora-clang, r-devel-linux-x86_64-fedora-gcc