Last updated on 2022-06-26 03:50:06 CEST.
Flavor | Version | Tinstall | Tcheck | Ttotal | Status | Flags |
---|---|---|---|---|---|---|
r-devel-linux-x86_64-debian-clang | 0.2.0 | 14.16 | 206.30 | 220.46 | OK | |
r-devel-linux-x86_64-debian-gcc | 0.2.0 | 12.18 | 155.21 | 167.39 | OK | |
r-devel-linux-x86_64-fedora-clang | 0.2.0 | 282.38 | WARN | |||
r-devel-linux-x86_64-fedora-gcc | 0.2.0 | 264.63 | WARN | |||
r-devel-windows-x86_64 | 0.2.0 | 65.00 | 222.00 | 287.00 | OK | |
r-patched-linux-x86_64 | 0.2.0 | 14.30 | 193.12 | 207.42 | OK | |
r-release-linux-x86_64 | 0.2.0 | 12.96 | 195.47 | 208.43 | OK | |
r-release-macos-arm64 | 0.2.0 | 69.00 | OK | |||
r-release-macos-x86_64 | 0.2.0 | 107.00 | OK | |||
r-release-windows-x86_64 | 0.2.0 | 70.00 | 215.00 | 285.00 | OK | |
r-oldrel-macos-arm64 | 0.2.0 | 71.00 | OK | |||
r-oldrel-macos-x86_64 | 0.2.0 | 96.00 | OK | |||
r-oldrel-windows-ix86+x86_64 | 0.2.0 | 31.00 | 227.00 | 258.00 | OK |
Version: 0.2.0
Check: package dependencies
Result: WARN
Requires (indirectly) orphaned package: ‘gtools’
Flavors: r-devel-linux-x86_64-fedora-clang, r-devel-linux-x86_64-fedora-gcc