Last updated on 2022-05-17 04:50:37 CEST.
Flavor | Version | Tinstall | Tcheck | Ttotal | Status | Flags |
---|---|---|---|---|---|---|
r-devel-linux-x86_64-debian-clang | 0.3.0 | 8.88 | 115.48 | 124.36 | OK | |
r-devel-linux-x86_64-debian-gcc | 0.3.0 | 7.36 | 82.57 | 89.93 | OK | |
r-devel-linux-x86_64-fedora-clang | 0.3.0 | 138.23 | NOTE | |||
r-devel-linux-x86_64-fedora-gcc | 0.3.0 | 134.40 | NOTE | |||
r-devel-windows-x86_64 | 0.3.0 | 57.00 | 138.00 | 195.00 | OK | |
r-patched-linux-x86_64 | 0.3.0 | 8.54 | 104.31 | 112.85 | OK | |
r-release-linux-x86_64 | 0.3.0 | 8.09 | 103.17 | 111.26 | OK | |
r-release-macos-arm64 | 0.3.0 | 45.00 | NOTE | |||
r-release-macos-x86_64 | 0.3.0 | 71.00 | NOTE | |||
r-release-windows-x86_64 | 0.3.0 | 66.00 | 139.00 | 205.00 | OK | |
r-oldrel-macos-arm64 | 0.3.0 | 55.00 | NOTE | |||
r-oldrel-macos-x86_64 | 0.3.0 | 66.00 | NOTE | |||
r-oldrel-windows-ix86+x86_64 | 0.3.0 | 23.00 | 129.00 | 152.00 | OK |
Version: 0.3.0
Check: dependencies in R code
Result: NOTE
Namespaces in Imports field not imported from:
‘MASS’ ‘caret’ ‘ggformula’ ‘knitr’ ‘testthat’ ‘tidyverse’
All declared Imports should be used.
Flavors: r-devel-linux-x86_64-fedora-clang, r-devel-linux-x86_64-fedora-gcc, r-release-macos-arm64, r-release-macos-x86_64, r-oldrel-macos-arm64, r-oldrel-macos-x86_64