CRAN Package Check Results for Package mosaicCalc

Last updated on 2022-09-26 03:56:12 CEST.

Flavor Version Tinstall Tcheck Ttotal Status Flags
r-devel-linux-x86_64-debian-clang 0.6.0 21.25 231.35 252.60 OK
r-devel-linux-x86_64-debian-gcc 0.6.0 17.37 166.08 183.45 OK
r-devel-linux-x86_64-fedora-clang 0.6.0 315.47 NOTE
r-devel-linux-x86_64-fedora-gcc 0.6.0 316.07 NOTE
r-devel-windows-x86_64 0.5.1 24.00 150.00 174.00 NOTE
r-patched-linux-x86_64 0.6.0 25.84 213.00 238.84 OK
r-release-linux-x86_64 0.6.0 20.26 212.35 232.61 OK
r-release-macos-arm64 0.6.0 63.00 NOTE
r-release-macos-x86_64 0.6.0 114.00 NOTE
r-release-windows-x86_64 0.6.0 104.00 265.00 369.00 OK
r-oldrel-macos-arm64 0.6.0 75.00 NOTE
r-oldrel-macos-x86_64 0.6.0 125.00 NOTE
r-oldrel-windows-ix86+x86_64 0.6.0 47.00 272.00 319.00 OK

Check Details

Version: 0.6.0
Check: data for non-ASCII characters
Result: NOTE
     Note: found 56 marked UTF-8 strings
Flavors: r-devel-linux-x86_64-fedora-clang, r-devel-linux-x86_64-fedora-gcc, r-release-macos-arm64, r-release-macos-x86_64, r-oldrel-macos-arm64, r-oldrel-macos-x86_64

Version: 0.5.1
Check: LazyData
Result: NOTE
     'LazyData' is specified without a 'data' directory
Flavor: r-devel-windows-x86_64