CRAN Package Check Results for Package mopac

Last updated on 2022-05-20 15:52:12 CEST.

Flavor Version Tinstall Tcheck Ttotal Status Flags
r-devel-linux-x86_64-debian-clang 0.1.0 1.69 28.73 30.42 OK
r-devel-linux-x86_64-debian-gcc 0.1.0 1.82 23.02 24.84 OK
r-devel-linux-x86_64-fedora-clang 0.1.0 38.89 NOTE
r-devel-linux-x86_64-fedora-gcc 0.1.0 37.41 NOTE
r-devel-windows-x86_64 0.1.0 10.00 47.00 57.00 OK
r-patched-linux-x86_64 0.1.0 2.20 28.10 30.30 OK
r-release-linux-x86_64 0.1.0 2.31 28.06 30.37 OK
r-release-macos-arm64 0.1.0 15.00 NOTE
r-release-macos-x86_64 0.1.0 19.00 NOTE
r-release-windows-x86_64 0.1.0 13.00 47.00 60.00 OK
r-oldrel-macos-arm64 0.1.0 19.00 NOTE
r-oldrel-macos-x86_64 0.1.0 26.00 NOTE
r-oldrel-windows-ix86+x86_64 0.1.0 6.00 43.00 49.00 OK

Check Details

Version: 0.1.0
Check: data for non-ASCII characters
Result: NOTE
     Note: found 13 marked UTF-8 strings
Flavors: r-devel-linux-x86_64-fedora-clang, r-devel-linux-x86_64-fedora-gcc, r-release-macos-arm64, r-release-macos-x86_64, r-oldrel-macos-arm64, r-oldrel-macos-x86_64