CRAN Package Check Results for Package momentuHMM

Last updated on 2022-05-27 04:56:42 CEST.

Flavor Version Tinstall Tcheck Ttotal Status Flags
r-devel-linux-x86_64-debian-clang 1.5.4 127.26 330.58 457.84 OK
r-devel-linux-x86_64-debian-gcc 1.5.4 106.20 239.96 346.16 OK
r-devel-linux-x86_64-fedora-clang 1.5.4 581.06 NOTE
r-devel-linux-x86_64-fedora-gcc 1.5.4 548.97 OK
r-devel-windows-x86_64 1.5.4 227.00 353.00 580.00 OK
r-patched-linux-x86_64 1.5.4 128.86 315.85 444.71 OK
r-release-linux-x86_64 1.5.4 90.22 316.56 406.78 OK
r-release-macos-arm64 1.5.4 213.00 NOTE
r-release-macos-x86_64 1.5.4 261.00 NOTE
r-release-windows-x86_64 1.5.4 199.00 365.00 564.00 OK
r-oldrel-macos-arm64 1.5.4 226.00 NOTE
r-oldrel-macos-x86_64 1.5.4 194.00 NOTE
r-oldrel-windows-ix86+x86_64 1.5.4 292.00 1015.00 1307.00 NOTE

Check Details

Version: 1.5.4
Check: installed package size
Result: NOTE
     installed size is 6.7Mb
     sub-directories of 1Mb or more:
     R 1.2Mb
     doc 1.7Mb
     libs 3.1Mb
Flavors: r-devel-linux-x86_64-fedora-clang, r-release-macos-arm64, r-release-macos-x86_64, r-oldrel-macos-arm64, r-oldrel-macos-x86_64, r-oldrel-windows-ix86+x86_64